Last updated on 2024-05-02 18:48:25 CEST.
Flavor | Version | Tinstall | Tcheck | Ttotal | Status | Flags |
---|---|---|---|---|---|---|
r-devel-linux-x86_64-debian-clang | 1.1.0 | 11.51 | 98.69 | 110.20 | NOTE | |
r-devel-linux-x86_64-debian-gcc | 1.1.0 | 8.98 | 71.07 | 80.05 | NOTE | |
r-devel-linux-x86_64-fedora-clang | 1.1.0 | 136.89 | NOTE | |||
r-devel-linux-x86_64-fedora-gcc | 1.1.0 | 128.39 | NOTE | |||
r-devel-windows-x86_64 | 1.1.0 | 10.00 | 84.00 | 94.00 | NOTE | |
r-patched-linux-x86_64 | 1.1.0 | 10.71 | 90.78 | 101.49 | NOTE | |
r-release-linux-x86_64 | 1.1.0 | 7.13 | 90.59 | 97.72 | NOTE | |
r-release-macos-arm64 | 1.1.0 | 44.00 | NOTE | |||
r-release-windows-x86_64 | 1.1.0 | 10.00 | 82.00 | 92.00 | NOTE | |
r-oldrel-macos-arm64 | 1.1.0 | 47.00 | NOTE | |||
r-oldrel-macos-x86_64 | 1.1.0 | 76.00 | NOTE | |||
r-oldrel-windows-x86_64 | 1.1.0 | 14.00 | 103.00 | 117.00 | NOTE |
Version: 1.1.0
Check: LazyData
Result: NOTE
'LazyData' is specified without a 'data' directory
Flavors: r-devel-linux-x86_64-debian-clang, r-devel-linux-x86_64-debian-gcc, r-devel-linux-x86_64-fedora-clang, r-devel-linux-x86_64-fedora-gcc, r-devel-windows-x86_64, r-patched-linux-x86_64, r-release-linux-x86_64, r-release-macos-arm64, r-release-windows-x86_64, r-oldrel-macos-arm64, r-oldrel-macos-x86_64, r-oldrel-windows-x86_64