Last updated on 2025-07-27 06:49:40 CEST.
Flavor | Version | Tinstall | Tcheck | Ttotal | Status | Flags |
---|---|---|---|---|---|---|
r-devel-linux-x86_64-debian-clang | 1.0.7 | 50.82 | 66.88 | 117.70 | NOTE | |
r-devel-linux-x86_64-debian-gcc | 1.0.7 | 37.60 | 48.36 | 85.96 | NOTE | |
r-devel-linux-x86_64-fedora-clang | 1.0.7 | 204.43 | NOTE | |||
r-devel-linux-x86_64-fedora-gcc | 1.0.7 | 223.49 | NOTE | |||
r-devel-windows-x86_64 | 1.0.7 | 58.00 | 121.00 | 179.00 | NOTE | |
r-patched-linux-x86_64 | 1.0.7 | 53.31 | 63.49 | 116.80 | NOTE | |
r-release-linux-x86_64 | 1.0.7 | 53.05 | 62.96 | 116.01 | NOTE | |
r-release-macos-arm64 | 1.0.7 | 59.00 | NOTE | |||
r-release-macos-x86_64 | 1.0.7 | 104.00 | NOTE | |||
r-release-windows-x86_64 | 1.0.7 | 55.00 | 120.00 | 175.00 | NOTE | |
r-oldrel-macos-arm64 | 1.0.7 | 59.00 | NOTE | |||
r-oldrel-macos-x86_64 | 1.0.7 | 89.00 | NOTE | |||
r-oldrel-windows-x86_64 | 1.0.7 | 68.00 | 139.00 | 207.00 | NOTE |
Version: 1.0.7
Check: CRAN incoming feasibility
Result: NOTE
Maintainer: ‘Dalibor Krleža <dalibor.krleza@fer.hr>’
No Authors@R field in DESCRIPTION.
Please add one, modifying
Authors@R: person(given = "Dalibor",
family = "Krleža",
role = c("aut", "cre"),
email = "dalibor.krleza@fer.hr")
as necessary.
Flavors: r-devel-linux-x86_64-debian-clang, r-devel-linux-x86_64-debian-gcc
Version: 1.0.7
Check: C++ specification
Result: NOTE
Specified C++14: please drop specification unless essential
Flavors: r-devel-linux-x86_64-debian-clang, r-devel-linux-x86_64-debian-gcc, r-devel-linux-x86_64-fedora-clang, r-devel-linux-x86_64-fedora-gcc, r-devel-windows-x86_64, r-patched-linux-x86_64, r-release-linux-x86_64, r-release-macos-arm64, r-release-macos-x86_64, r-release-windows-x86_64, r-oldrel-macos-arm64, r-oldrel-macos-x86_64, r-oldrel-windows-x86_64
Version: 1.0.7
Check: Rd files
Result: NOTE
checkRd: (-1) process,HybridSequenceClassifier-method.Rd:24: Lost braces in \itemize; \value handles \item{}{} directly
checkRd: (-1) process,HybridSequenceClassifier-method.Rd:28: Lost braces in \itemize; \value handles \item{}{} directly
checkRd: (-1) process,HybridSequenceClassifier-method.Rd:32: Lost braces in \itemize; \value handles \item{}{} directly
Flavors: r-devel-linux-x86_64-debian-clang, r-devel-linux-x86_64-debian-gcc, r-devel-linux-x86_64-fedora-clang, r-devel-linux-x86_64-fedora-gcc, r-devel-windows-x86_64, r-patched-linux-x86_64, r-release-linux-x86_64, r-release-macos-arm64, r-release-macos-x86_64, r-release-windows-x86_64, r-oldrel-macos-arm64, r-oldrel-macos-x86_64, r-oldrel-windows-x86_64
Version: 1.0.7
Check: installed package size
Result: NOTE
installed size is 9.3Mb
sub-directories of 1Mb or more:
libs 8.0Mb
Flavors: r-oldrel-macos-arm64, r-oldrel-macos-x86_64