Last updated on 2024-07-23 18:59:12 CEST.
Flavor | Version | Tinstall | Tcheck | Ttotal | Status | Flags |
---|---|---|---|---|---|---|
r-devel-linux-x86_64-debian-clang | 0.7.0 | 4.62 | 41.53 | 46.15 | OK | |
r-devel-linux-x86_64-debian-gcc | 0.7.0 | 3.36 | 29.98 | 33.34 | NOTE | |
r-devel-linux-x86_64-fedora-clang | 0.7.0 | 55.83 | OK | |||
r-devel-linux-x86_64-fedora-gcc | 0.7.0 | 52.26 | OK | |||
r-devel-windows-x86_64 | 0.7.0 | 4.00 | 50.00 | 54.00 | NOTE | |
r-patched-linux-x86_64 | 0.7.0 | 5.34 | 39.38 | 44.72 | OK | |
r-release-linux-x86_64 | 0.7.0 | 4.43 | 38.22 | 42.65 | OK | |
r-release-macos-arm64 | 0.7.0 | 19.00 | OK | |||
r-release-macos-x86_64 | 0.7.0 | 36.00 | OK | |||
r-release-windows-x86_64 | 0.7.0 | 5.00 | 49.00 | 54.00 | OK | |
r-oldrel-macos-arm64 | 0.7.0 | 19.00 | OK | |||
r-oldrel-macos-x86_64 | 0.7.0 | 29.00 | OK | |||
r-oldrel-windows-x86_64 | 0.7.0 | 5.00 | 54.00 | 59.00 | OK |
Version: 0.7.0
Check: Rd cross-references
Result: NOTE
Found the following Rd file(s) with Rd \link{} targets missing package
anchors:
SplineFitDepFct.Rd: solve.QP
Please provide package anchors for all Rd \link{} targets not in the
package itself and the base packages.
Flavors: r-devel-linux-x86_64-debian-gcc, r-devel-windows-x86_64