Last updated on 2024-03-28 17:49:42 CET.
Flavor | Version | Tinstall | Tcheck | Ttotal | Status | Flags |
---|---|---|---|---|---|---|
r-devel-linux-x86_64-debian-clang | 2.14 | 14.34 | 142.92 | 157.26 | OK | |
r-devel-linux-x86_64-debian-gcc | 2.14 | 11.25 | 108.18 | 119.43 | OK | |
r-devel-linux-x86_64-fedora-clang | 2.14 | 193.34 | NOTE | |||
r-devel-linux-x86_64-fedora-gcc | 2.14 | 200.13 | OK | |||
r-devel-windows-x86_64 | 2.14 | 13.00 | 137.00 | 150.00 | NOTE | |
r-patched-linux-x86_64 | 2.14 | 23.53 | 137.95 | 161.48 | OK | |
r-release-linux-x86_64 | 2.14 | 15.55 | 140.47 | 156.02 | OK | |
r-release-macos-arm64 | 2.14 | 65.00 | NOTE | |||
r-release-macos-x86_64 | 2.14 | 134.00 | NOTE | |||
r-release-windows-x86_64 | 2.14 | 18.00 | 169.00 | 187.00 | NOTE | |
r-oldrel-macos-arm64 | 2.14 | 62.00 | NOTE | |||
r-oldrel-windows-x86_64 | 2.14 | 18.00 | 156.00 | 174.00 | NOTE |
Version: 2.14
Check: installed package size
Result: NOTE
installed size is 5.9Mb
sub-directories of 1Mb or more:
doc 5.2Mb
Flavors: r-devel-linux-x86_64-fedora-clang, r-devel-windows-x86_64, r-release-macos-arm64, r-release-macos-x86_64, r-release-windows-x86_64, r-oldrel-macos-arm64, r-oldrel-windows-x86_64
Version: 2.14
Check: package dependencies
Result: NOTE
Package suggested but not available for checking: ‘doMPI’
Flavors: r-release-macos-arm64, r-release-macos-x86_64, r-oldrel-macos-arm64