Last updated on 2025-05-05 06:51:48 CEST.
Flavor | Version | Tinstall | Tcheck | Ttotal | Status | Flags |
---|---|---|---|---|---|---|
r-devel-linux-x86_64-debian-clang | 0.1.0 | 4.49 | 39.18 | 43.67 | NOTE | |
r-devel-linux-x86_64-debian-gcc | 0.1.0 | 3.17 | 29.18 | 32.35 | NOTE | |
r-devel-linux-x86_64-fedora-clang | 0.1.0 | 70.88 | OK | |||
r-devel-linux-x86_64-fedora-gcc | 0.1.0 | 66.36 | OK | |||
r-devel-windows-x86_64 | 0.1.0 | 5.00 | 58.00 | 63.00 | OK | |
r-patched-linux-x86_64 | 0.1.0 | 4.61 | 37.21 | 41.82 | OK | |
r-release-linux-x86_64 | 0.1.0 | 3.57 | 37.74 | 41.31 | OK | |
r-release-macos-arm64 | 0.1.0 | 24.00 | OK | |||
r-release-macos-x86_64 | 0.1.0 | 50.00 | OK | |||
r-release-windows-x86_64 | 0.1.0 | 5.00 | 65.00 | 70.00 | OK | |
r-oldrel-macos-arm64 | 0.1.0 | 23.00 | OK | |||
r-oldrel-macos-x86_64 | 0.1.0 | 35.00 | OK | |||
r-oldrel-windows-x86_64 | 0.1.0 | 7.00 | 68.00 | 75.00 | OK |
Version: 0.1.0
Check: CRAN incoming feasibility
Result: NOTE
Maintainer: ‘Kathrin Moellenhoff <kathrin.moellenhoff@rub.de>’
No Authors@R field in DESCRIPTION.
Please add one, modifying
Authors@R: person(given = "Kathrin",
family = "Moellenhoff",
role = c("aut", "cre"),
email = "kathrin.moellenhoff@rub.de")
as necessary.
Flavors: r-devel-linux-x86_64-debian-clang, r-devel-linux-x86_64-debian-gcc