Last updated on 2025-04-16 18:50:16 CEST.
Flavor | Version | Tinstall | Tcheck | Ttotal | Status | Flags |
---|---|---|---|---|---|---|
r-devel-linux-x86_64-debian-clang | 0.3.12 | 57.91 | 36.73 | 94.64 | OK | |
r-devel-linux-x86_64-debian-gcc | 0.3.12 | 39.08 | 29.67 | 68.75 | OK | |
r-devel-linux-x86_64-fedora-clang | 0.3.12 | 160.51 | OK | |||
r-devel-linux-x86_64-fedora-gcc | 0.3.12 | 177.37 | OK | |||
r-devel-windows-x86_64 | 0.3.12 | 58.00 | 79.00 | 137.00 | OK | |
r-patched-linux-x86_64 | 0.3.12 | 56.38 | 35.40 | 91.78 | OK | |
r-release-linux-x86_64 | 0.3.12 | 56.24 | 35.15 | 91.39 | OK | |
r-release-macos-arm64 | 0.3.12 | 58.00 | OK | |||
r-release-macos-x86_64 | 0.3.12 | 88.00 | OK | |||
r-release-windows-x86_64 | 0.3.12 | 58.00 | 75.00 | 133.00 | OK | |
r-oldrel-macos-arm64 | 0.3.12 | 47.00 | NOTE | |||
r-oldrel-macos-x86_64 | 0.3.12 | 74.00 | NOTE | |||
r-oldrel-windows-x86_64 | 0.3.12 | 67.00 | 91.00 | 158.00 | NOTE |
Version: 0.3.12
Check: installed package size
Result: NOTE
installed size is 5.8Mb
sub-directories of 1Mb or more:
libs 5.5Mb
Flavors: r-oldrel-macos-arm64, r-oldrel-macos-x86_64
Version: 0.3.12
Check: for GNU extensions in Makefiles
Result: NOTE
GNU make is a SystemRequirements.
Flavors: r-oldrel-macos-arm64, r-oldrel-macos-x86_64, r-oldrel-windows-x86_64