Last updated on 2025-11-23 05:50:34 CET.
| Flavor | Version | Tinstall | Tcheck | Ttotal | Status | Flags |
|---|---|---|---|---|---|---|
| r-devel-linux-x86_64-debian-clang | 1.1.4 | 7.05 | 65.45 | 72.50 | NOTE | |
| r-devel-linux-x86_64-debian-gcc | 1.1.4 | 5.55 | 47.90 | 53.45 | NOTE | |
| r-devel-linux-x86_64-fedora-clang | 1.1.4 | 16.00 | 97.73 | 113.73 | OK | |
| r-devel-windows-x86_64 | 1.1.4 | 11.00 | 71.00 | 82.00 | OK | |
| r-patched-linux-x86_64 | 1.1.4 | 7.61 | 61.81 | 69.42 | OK | |
| r-release-linux-x86_64 | 1.1.4 | 7.25 | 62.11 | 69.36 | OK | |
| r-release-macos-arm64 | 1.1.4 | OK | ||||
| r-release-macos-x86_64 | 1.1.4 | 6.00 | 60.00 | 66.00 | OK | |
| r-release-windows-x86_64 | 1.1.4 | 10.00 | 73.00 | 83.00 | OK | |
| r-oldrel-macos-arm64 | 1.1.4 | OK | ||||
| r-oldrel-macos-x86_64 | 1.1.4 | 5.00 | 62.00 | 67.00 | OK | |
| r-oldrel-windows-x86_64 | 1.1.4 | 12.00 | 93.00 | 105.00 | OK |
Version: 1.1.4
Check: CRAN incoming feasibility
Result: NOTE
Maintainer: ‘Christine Blume <christine.blume@sbg.ac.at>’
Package CITATION file contains call(s) to old-style citEntry(). Please
use bibentry() instead.
Flavors: r-devel-linux-x86_64-debian-clang, r-devel-linux-x86_64-debian-gcc