Last updated on 2024-03-28 17:49:43 CET.
Flavor | Version | Tinstall | Tcheck | Ttotal | Status | Flags |
---|---|---|---|---|---|---|
r-devel-linux-x86_64-debian-clang | 0.1.3 | 63.05 | 272.85 | 335.90 | NOTE | |
r-devel-linux-x86_64-debian-gcc | 0.1.3 | 45.44 | 202.32 | 247.76 | NOTE | |
r-devel-linux-x86_64-fedora-clang | 0.1.3 | 453.38 | NOTE | |||
r-devel-linux-x86_64-fedora-gcc | 0.1.3 | 434.55 | NOTE | |||
r-devel-windows-x86_64 | 0.1.3 | 50.00 | 209.00 | 259.00 | NOTE | |
r-patched-linux-x86_64 | 0.1.3 | 48.96 | 261.74 | 310.70 | NOTE | |
r-release-linux-x86_64 | 0.1.3 | 61.47 | 281.22 | 342.69 | NOTE | |
r-release-macos-arm64 | 0.1.3 | 118.00 | NOTE | |||
r-release-macos-x86_64 | 0.1.3 | 299.00 | NOTE | |||
r-release-windows-x86_64 | 0.1.3 | 64.00 | 273.00 | 337.00 | NOTE | |
r-oldrel-macos-arm64 | 0.1.3 | 104.00 | NOTE | |||
r-oldrel-windows-x86_64 | 0.1.3 | 61.00 | 247.00 | 308.00 | NOTE |
Version: 0.1.3
Check: LazyData
Result: NOTE
'LazyData' is specified without a 'data' directory
Flavors: r-devel-linux-x86_64-debian-clang, r-devel-linux-x86_64-debian-gcc, r-devel-linux-x86_64-fedora-clang, r-devel-linux-x86_64-fedora-gcc, r-devel-windows-x86_64, r-patched-linux-x86_64, r-release-linux-x86_64, r-release-macos-arm64, r-release-macos-x86_64, r-release-windows-x86_64, r-oldrel-macos-arm64, r-oldrel-windows-x86_64