Last updated on 2025-11-23 05:50:35 CET.
| Flavor | Version | Tinstall | Tcheck | Ttotal | Status | Flags |
|---|---|---|---|---|---|---|
| r-devel-linux-x86_64-debian-clang | 1.6.2 | 41.54 | 83.36 | 124.90 | NOTE | |
| r-devel-linux-x86_64-debian-gcc | 1.6.2 | 28.92 | 65.00 | 93.92 | NOTE | |
| r-devel-linux-x86_64-fedora-clang | 1.6.2 | 88.00 | 106.29 | 194.29 | NOTE | |
| r-devel-windows-x86_64 | 1.6.2 | 46.00 | 104.00 | 150.00 | OK | |
| r-patched-linux-x86_64 | 1.6.2 | 39.31 | 83.29 | 122.60 | OK | |
| r-release-linux-x86_64 | 1.6.2 | 42.80 | 83.00 | 125.80 | OK | |
| r-release-macos-arm64 | 1.6.2 | OK | ||||
| r-release-macos-x86_64 | 1.6.2 | 36.00 | 87.00 | 123.00 | OK | |
| r-release-windows-x86_64 | 1.6.2 | 43.00 | 134.00 | 177.00 | OK | |
| r-oldrel-macos-arm64 | 1.6.2 | NOTE | ||||
| r-oldrel-macos-x86_64 | 1.6.2 | 29.00 | 57.00 | 86.00 | NOTE | |
| r-oldrel-windows-x86_64 | 1.6.2 | 52.00 | 134.00 | 186.00 | NOTE |
Version: 1.6.2
Check: CRAN incoming feasibility
Result: NOTE
Maintainer: ‘Alencar Xavier <alenxav@gmail.com>’
No Authors@R field in DESCRIPTION.
Please add one, modifying
Authors@R: c(person(given = "Alencar",
family = "Xavier",
role = c("aut", "cre"),
email = "alenxav@gmail.com"),
person(given = "William",
family = "Beavis",
role = "aut"),
person(given = "James",
family = "Specht",
role = "aut"),
person(given = "Brian",
family = "Diers",
role = "aut"),
person(given = "Rouf",
family = "Mian",
role = "aut"),
person(given = "Reka",
family = "Howard",
role = "aut"),
person(given = "George",
family = "Graef",
role = "aut"),
person(given = "Randall",
family = "Nelson",
role = "aut"),
person(given = "William",
family = "Schapaugh",
role = "aut"),
person(given = "Dechun",
family = "Wang",
role = "aut"),
person(given = "Grover",
family = "Shannon",
role = "aut"),
person(given = "Leah",
family = "McHale",
role = "aut"),
person(given = "Perry",
family = "Cregan",
role = "aut"),
person(given = "Qijian",
family = "Song",
role = "aut"),
person(given = "Miguel",
family = "Lopez",
role = "aut"),
person(given = "William",
family = "Muir",
role = "aut"),
person(given = "Katy",
family = "Rainey.",
role = "aut"))
as necessary.
Flavors: r-devel-linux-x86_64-debian-clang, r-devel-linux-x86_64-debian-gcc
Version: 1.6.2
Check: dependencies in R code
Result: NOTE
Namespace in Imports field not imported from: ‘RcppEigen’
All declared Imports should be used.
Flavor: r-devel-linux-x86_64-fedora-clang
Version: 1.6.2
Check: installed package size
Result: NOTE
installed size is 19.1Mb
sub-directories of 1Mb or more:
data 4.7Mb
libs 14.3Mb
Flavors: r-oldrel-macos-arm64, r-oldrel-macos-x86_64, r-oldrel-windows-x86_64