Last updated on 2024-07-03 18:57:48 CEST.
Flavor | Version | Tinstall | Tcheck | Ttotal | Status | Flags |
---|---|---|---|---|---|---|
r-devel-linux-x86_64-debian-clang | 4.0 | 9.52 | 108.60 | 118.12 | OK | |
r-devel-linux-x86_64-debian-gcc | 4.0 | 10.01 | 81.15 | 91.16 | OK | |
r-devel-linux-x86_64-fedora-clang | 4.0 | 154.05 | NOTE | |||
r-devel-linux-x86_64-fedora-gcc | 4.0 | 140.21 | NOTE | |||
r-devel-windows-x86_64 | 4.0 | 13.00 | 95.00 | 108.00 | OK | |
r-patched-linux-x86_64 | 4.0 | 16.08 | 100.17 | 116.25 | OK | |
r-release-linux-x86_64 | 4.0 | 8.19 | 99.68 | 107.87 | OK | |
r-release-macos-arm64 | 4.0 | 50.00 | OK | |||
r-release-macos-x86_64 | 4.0 | 66.00 | OK | |||
r-release-windows-x86_64 | 4.0 | 14.00 | 94.00 | 108.00 | OK | |
r-oldrel-macos-arm64 | 4.0 | 46.00 | OK | |||
r-oldrel-macos-x86_64 | 4.0 | 77.00 | OK | |||
r-oldrel-windows-x86_64 | 4.0 | 18.00 | 116.00 | 134.00 | OK |
Version: 4.0
Check: compiled code
Result: NOTE
File ‘SparseTSCGM/libs/SparseTSCGM.so’:
Found no calls to: ‘R_registerRoutines’, ‘R_useDynamicSymbols’
It is good practice to register native routines and to disable symbol
search.
See ‘Writing portable packages’ in the ‘Writing R Extensions’ manual.
Flavors: r-devel-linux-x86_64-fedora-clang, r-devel-linux-x86_64-fedora-gcc