Last updated on 2025-11-22 17:49:43 CET.
| Flavor | Version | Tinstall | Tcheck | Ttotal | Status | Flags |
|---|---|---|---|---|---|---|
| r-devel-linux-x86_64-debian-clang | 2.1 | 7.50 | 65.16 | 72.66 | OK | |
| r-devel-linux-x86_64-debian-gcc | 2.1 | 5.41 | 49.69 | 55.10 | OK | |
| r-devel-linux-x86_64-fedora-clang | 2.1 | 14.00 | 98.58 | 112.58 | NOTE | |
| r-devel-windows-x86_64 | 2.1 | 12.00 | 73.00 | 85.00 | OK | |
| r-patched-linux-x86_64 | 2.1 | 7.31 | 61.98 | 69.29 | OK | |
| r-release-linux-x86_64 | 2.1 | 6.65 | 62.34 | 68.99 | OK | |
| r-release-macos-arm64 | 2.1 | OK | ||||
| r-release-macos-x86_64 | 2.1 | 9.00 | 97.00 | 106.00 | OK | |
| r-release-windows-x86_64 | 2.1 | 9.00 | 73.00 | 82.00 | OK | |
| r-oldrel-macos-arm64 | 2.1 | OK | ||||
| r-oldrel-macos-x86_64 | 2.1 | 6.00 | 65.00 | 71.00 | OK | |
| r-oldrel-windows-x86_64 | 2.1 | 12.00 | 92.00 | 104.00 | OK |
Version: 2.1
Check: dependencies in R code
Result: NOTE
Namespaces in Imports field not imported from:
‘Matrix’ ‘RSpectra’ ‘ggplot2’ ‘latex2exp’ ‘mvtnorm’
All declared Imports should be used.
Flavor: r-devel-linux-x86_64-fedora-clang