Last updated on 2024-07-05 19:04:31 CEST.
Flavor | Version | Tinstall | Tcheck | Ttotal | Status | Flags |
---|---|---|---|---|---|---|
r-devel-linux-x86_64-debian-clang | 2.1-0 | 3.94 | 26.87 | 30.81 | NOTE | |
r-devel-linux-x86_64-debian-gcc | 2.1-0 | 3.02 | 20.51 | 23.53 | NOTE | |
r-devel-linux-x86_64-fedora-clang | 2.1-0 | 38.73 | NOTE | |||
r-devel-linux-x86_64-fedora-gcc | 2.1-0 | 37.00 | NOTE | |||
r-devel-windows-x86_64 | 2.1-0 | 7.00 | 42.00 | 49.00 | NOTE | |
r-patched-linux-x86_64 | 2.1-0 | 3.86 | 25.35 | 29.21 | NOTE | |
r-release-linux-x86_64 | 2.1-0 | 3.86 | 25.56 | 29.42 | NOTE | |
r-release-macos-arm64 | 2.1-0 | 17.00 | NOTE | |||
r-release-macos-x86_64 | 2.1-0 | 27.00 | NOTE | |||
r-release-windows-x86_64 | 2.1-0 | 7.00 | 43.00 | 50.00 | NOTE | |
r-oldrel-macos-arm64 | 2.1-0 | 19.00 | OK | |||
r-oldrel-macos-x86_64 | 2.1-0 | 25.00 | OK | |||
r-oldrel-windows-x86_64 | 2.1-0 | 7.00 | 42.00 | 49.00 | OK |
Version: 2.1-0
Check: Rd files
Result: NOTE
checkRd: (-1) softening.optimized.Rd:42-43: Lost braces in \itemize; meant \describe ?
checkRd: (-1) softening.optimized.Rd:44: Lost braces in \itemize; meant \describe ?
Flavors: r-devel-linux-x86_64-debian-clang, r-devel-linux-x86_64-debian-gcc, r-devel-linux-x86_64-fedora-clang, r-devel-linux-x86_64-fedora-gcc, r-devel-windows-x86_64, r-patched-linux-x86_64, r-release-linux-x86_64, r-release-macos-arm64, r-release-macos-x86_64, r-release-windows-x86_64