CRAN Package Check Results for Package Sstack

Last updated on 2025-07-20 18:51:44 CEST.

Flavor Version Tinstall Tcheck Ttotal Status Flags
r-devel-linux-x86_64-debian-clang 1.0.1 4.19 35.54 39.73 NOTE
r-devel-linux-x86_64-debian-gcc 1.0.1 3.16 26.79 29.95 NOTE
r-devel-linux-x86_64-fedora-clang 1.0.1 62.23 OK
r-devel-linux-x86_64-fedora-gcc 1.0.1 57.01 OK
r-devel-windows-x86_64 1.0.1 6.00 57.00 63.00 OK
r-patched-linux-x86_64 1.0.1 4.50 32.72 37.22 OK
r-release-linux-x86_64 1.0.1 3.66 32.62 36.28 OK
r-release-macos-arm64 1.0.1 25.00 OK
r-release-macos-x86_64 1.0.1 46.00 OK
r-release-windows-x86_64 1.0.1 5.00 54.00 59.00 OK
r-oldrel-macos-arm64 1.0.1 25.00 OK
r-oldrel-macos-x86_64 1.0.1 34.00 OK
r-oldrel-windows-x86_64 1.0.1 7.00 64.00 71.00 OK

Check Details

Version: 1.0.1
Check: CRAN incoming feasibility
Result: NOTE Maintainer: ‘Kevin Matlock <kevin.matlock@gmail.com>’ No Authors@R field in DESCRIPTION. Please add one, modifying Authors@R: c(person(given = "Kevin", family = "Matlock", role = c("aut", "cre"), email = "kevin.matlock@gmail.com"), person(given = "Raziur", family = "Rahman", role = "aut")) as necessary. Flavors: r-devel-linux-x86_64-debian-clang, r-devel-linux-x86_64-debian-gcc