Last updated on 2025-07-21 06:49:40 CEST.
Flavor | Version | Tinstall | Tcheck | Ttotal | Status | Flags |
---|---|---|---|---|---|---|
r-devel-linux-x86_64-debian-clang | 2.0-29 | 5.69 | 403.60 | 409.29 | OK | |
r-devel-linux-x86_64-debian-gcc | 2.0-29 | 3.95 | 315.92 | 319.87 | OK | |
r-devel-linux-x86_64-fedora-clang | 2.0-29 | 559.55 | OK | |||
r-devel-linux-x86_64-fedora-gcc | 2.0-29 | 534.35 | OK | |||
r-devel-windows-x86_64 | 2.0-29 | 9.00 | 332.00 | 341.00 | FAIL | |
r-patched-linux-x86_64 | 2.0-29 | 7.10 | 362.85 | 369.95 | OK | |
r-release-linux-x86_64 | 2.0-29 | 4.59 | 363.19 | 367.78 | OK | |
r-release-macos-arm64 | 2.0-29 | 178.00 | OK | |||
r-release-macos-x86_64 | 2.0-29 | 357.00 | OK | |||
r-release-windows-x86_64 | 2.0-29 | 8.00 | 537.00 | 545.00 | OK | |
r-oldrel-macos-arm64 | 2.0-29 | 159.00 | OK | |||
r-oldrel-macos-x86_64 | 2.0-29 | 232.00 | OK | |||
r-oldrel-windows-x86_64 | 2.0-29 | 11.00 | 452.00 | 463.00 | OK |
Version: 2.0-29
Check: re-building of vignette outputs
Result: FAIL
Flavor: r-devel-windows-x86_64