Last updated on 2025-04-16 06:50:17 CEST.
Flavor | Version | Tinstall | Tcheck | Ttotal | Status | Flags |
---|---|---|---|---|---|---|
r-devel-linux-x86_64-debian-clang | 0.1.3 | 8.52 | 71.53 | 80.05 | OK | |
r-devel-linux-x86_64-debian-gcc | 0.1.3 | 6.71 | 46.62 | 53.33 | OK | |
r-devel-linux-x86_64-fedora-clang | 0.1.3 | 118.88 | OK | |||
r-devel-linux-x86_64-fedora-gcc | 0.1.3 | 113.81 | OK | |||
r-devel-windows-x86_64 | 0.1.3 | 10.00 | 81.00 | 91.00 | OK | |
r-patched-linux-x86_64 | 0.1.3 | 8.99 | 64.48 | 73.47 | OK | |
r-release-linux-x86_64 | 0.1.3 | 8.68 | 64.12 | 72.80 | OK | |
r-release-macos-arm64 | 0.1.3 | 35.00 | OK | |||
r-release-macos-x86_64 | 0.1.3 | 69.00 | OK | |||
r-release-windows-x86_64 | 0.1.3 | 8.00 | 5.00 | 13.00 | ERROR | |
r-oldrel-macos-arm64 | 0.1.3 | 34.00 | OK | |||
r-oldrel-macos-x86_64 | 0.1.3 | 63.00 | OK | |||
r-oldrel-windows-x86_64 | 0.1.3 | 13.00 | 100.00 | 113.00 | OK |
Version: 0.1.3
Check: whether package can be installed
Result: ERROR
Installation failed.
Flavor: r-release-windows-x86_64