Last updated on 2024-03-28 17:49:44 CET.
Flavor | Version | Tinstall | Tcheck | Ttotal | Status | Flags |
---|---|---|---|---|---|---|
r-devel-linux-x86_64-debian-clang | 2018.5-1 | 277.06 | 23.03 | 300.09 | NOTE | |
r-devel-linux-x86_64-debian-gcc | 2018.5-1 | 184.88 | 18.15 | 203.03 | NOTE | |
r-devel-linux-x86_64-fedora-clang | 2018.5-1 | 468.02 | NOTE | |||
r-devel-linux-x86_64-fedora-gcc | 2018.5-1 | 404.22 | NOTE | |||
r-devel-windows-x86_64 | 2018.5-1 | 241.00 | 60.00 | 301.00 | NOTE | |
r-patched-linux-x86_64 | 2018.5-1 | 250.27 | 22.66 | 272.93 | NOTE | |
r-release-linux-x86_64 | 2018.5-1 | 239.24 | 20.48 | 259.72 | OK | |
r-release-macos-arm64 | 2018.5-1 | 79.00 | OK | |||
r-release-macos-x86_64 | 2018.5-1 | 147.00 | OK | |||
r-release-windows-x86_64 | 2018.5-1 | 295.00 | 89.00 | 384.00 | OK | |
r-oldrel-macos-arm64 | 2018.5-1 | 74.00 | OK | |||
r-oldrel-windows-x86_64 | 2018.5-1 | 260.00 | 74.00 | 334.00 | OK |
Version: 2018.5-1
Check: Rd files
Result: NOTE
checkRd: (-1) TAQ-functions.Rd:119: Lost braces
119 | Brownlees, C. T., and Gallo, G. M. (2006). Financial Econometric Analysis at Ultra{--}High Frequency: Data Handling Concerns, \emph{Computational Statistics and Data Analysis} \bold{51}, 2232--2245.
| ^
checkRd: (-1) TAQ-package.Rd:59: Lost braces
59 | Brownlees, C. T., and Gallo, G. M. (2006). Financial Econometric Analysis at Ultra{--}High Frequency: Data Handling Concerns, \emph{Computational Statistics and Data Analysis} \bold{51}, 2232--2245.
| ^
Flavors: r-devel-linux-x86_64-debian-clang, r-devel-linux-x86_64-debian-gcc, r-devel-linux-x86_64-fedora-clang, r-devel-linux-x86_64-fedora-gcc, r-devel-windows-x86_64, r-patched-linux-x86_64