Last updated on 2025-07-01 18:48:46 CEST.
Flavor | Version | Tinstall | Tcheck | Ttotal | Status | Flags |
---|---|---|---|---|---|---|
r-devel-linux-x86_64-debian-clang | 0.0.6 | 2.08 | 19.37 | 21.45 | NOTE | |
r-devel-linux-x86_64-debian-gcc | 0.0.6 | 1.81 | 16.28 | 18.09 | NOTE | |
r-devel-linux-x86_64-fedora-clang | 0.0.6 | 34.84 | OK | |||
r-devel-linux-x86_64-fedora-gcc | 0.0.6 | 31.45 | OK | |||
r-devel-windows-x86_64 | 0.0.6 | 5.00 | 41.00 | 46.00 | OK | |
r-patched-linux-x86_64 | OK | |||||
r-release-linux-x86_64 | 0.0.6 | 1.89 | 18.03 | 19.92 | OK | |
r-release-macos-arm64 | 0.0.6 | 16.00 | OK | |||
r-release-macos-x86_64 | 0.0.6 | 24.00 | OK | |||
r-release-windows-x86_64 | 0.0.6 | 3.00 | 41.00 | 44.00 | OK | |
r-oldrel-macos-arm64 | 0.0.6 | 15.00 | OK | |||
r-oldrel-macos-x86_64 | 0.0.6 | 21.00 | OK | |||
r-oldrel-windows-x86_64 | 0.0.6 | 4.00 | 41.00 | 45.00 | OK |
Version: 0.0.6
Check: CRAN incoming feasibility
Result: NOTE
Maintainer: ‘Guangchuang Yu <guangchuangyu@gmail.com>’
Package CITATION file contains call(s) to old-style citEntry(). Please
use bibentry() instead.
Flavors: r-devel-linux-x86_64-debian-clang, r-devel-linux-x86_64-debian-gcc