Last updated on 2024-07-23 18:59:14 CEST.
Flavor | Version | Tinstall | Tcheck | Ttotal | Status | Flags |
---|---|---|---|---|---|---|
r-devel-linux-x86_64-debian-clang | 0.2.0 | 7.77 | 79.78 | 87.55 | NOTE | |
r-devel-linux-x86_64-debian-gcc | 0.2.0 | 6.48 | 60.67 | 67.15 | NOTE | |
r-devel-linux-x86_64-fedora-clang | 0.2.0 | 108.52 | NOTE | |||
r-devel-linux-x86_64-fedora-gcc | 0.2.0 | 105.28 | NOTE | |||
r-devel-windows-x86_64 | 0.2.0 | 8.00 | 80.00 | 88.00 | NOTE | |
r-patched-linux-x86_64 | 0.2.0 | 6.64 | 75.11 | 81.75 | NOTE | |
r-release-linux-x86_64 | 0.2.0 | 7.08 | 76.49 | 83.57 | NOTE | |
r-release-macos-arm64 | 0.2.0 | 32.00 | NOTE | |||
r-release-macos-x86_64 | 0.2.0 | 64.00 | NOTE | |||
r-release-windows-x86_64 | 0.2.0 | 8.00 | 80.00 | 88.00 | NOTE | |
r-oldrel-macos-arm64 | 0.2.0 | 38.00 | NOTE | |||
r-oldrel-macos-x86_64 | 0.2.0 | 53.00 | NOTE | |||
r-oldrel-windows-x86_64 | 0.2.0 | 10.00 | 95.00 | 105.00 | NOTE |
Version: 0.2.0
Check: LazyData
Result: NOTE
'LazyData' is specified without a 'data' directory
Flavors: r-devel-linux-x86_64-debian-clang, r-devel-linux-x86_64-debian-gcc, r-devel-linux-x86_64-fedora-clang, r-devel-linux-x86_64-fedora-gcc, r-devel-windows-x86_64, r-patched-linux-x86_64, r-release-linux-x86_64, r-release-macos-arm64, r-release-macos-x86_64, r-release-windows-x86_64, r-oldrel-macos-arm64, r-oldrel-macos-x86_64, r-oldrel-windows-x86_64