Last updated on 2024-04-23 06:57:18 CEST.
Flavor | Version | Tinstall | Tcheck | Ttotal | Status | Flags |
---|---|---|---|---|---|---|
r-devel-linux-x86_64-debian-clang | 0.2.0 | 9.29 | 79.44 | 88.73 | NOTE | |
r-devel-linux-x86_64-debian-gcc | 0.2.0 | 7.22 | 59.93 | 67.15 | NOTE | |
r-devel-linux-x86_64-fedora-clang | 0.2.0 | 109.71 | NOTE | |||
r-devel-linux-x86_64-fedora-gcc | 0.2.0 | 108.14 | NOTE | |||
r-prerel-macos-arm64 | 0.2.0 | 32.00 | NOTE | |||
r-prerel-windows-x86_64 | 0.2.0 | 10.00 | 80.00 | 90.00 | NOTE | |
r-patched-linux-x86_64 | 0.2.0 | 8.01 | 76.14 | 84.15 | NOTE | |
r-release-linux-x86_64 | 0.2.0 | 8.71 | 77.96 | 86.67 | NOTE | |
r-release-macos-arm64 | 0.2.0 | 38.00 | NOTE | |||
r-release-macos-x86_64 | 0.2.0 | 53.00 | NOTE | |||
r-release-windows-x86_64 | 0.2.0 | 10.00 | 95.00 | 105.00 | NOTE | |
r-oldrel-macos-arm64 | 0.2.0 | 35.00 | NOTE | |||
r-oldrel-windows-x86_64 | 0.2.0 | 11.00 | 95.00 | 106.00 | NOTE |
Version: 0.2.0
Check: LazyData
Result: NOTE
'LazyData' is specified without a 'data' directory
Flavors: r-devel-linux-x86_64-debian-clang, r-devel-linux-x86_64-debian-gcc, r-devel-linux-x86_64-fedora-clang, r-devel-linux-x86_64-fedora-gcc, r-prerel-macos-arm64, r-prerel-windows-x86_64, r-patched-linux-x86_64, r-release-linux-x86_64, r-release-macos-arm64, r-release-macos-x86_64, r-release-windows-x86_64, r-oldrel-macos-arm64, r-oldrel-windows-x86_64