CRAN Package Check Results for Package TFunHDDC

Last updated on 2025-07-26 18:51:12 CEST.

Flavor Version Tinstall Tcheck Ttotal Status Flags
r-devel-linux-x86_64-debian-clang 1.0.1 14.41 154.03 168.44 NOTE
r-devel-linux-x86_64-debian-gcc 1.0.1 10.21 116.16 126.37 NOTE
r-devel-linux-x86_64-fedora-clang 1.0.1 253.18 NOTE
r-devel-linux-x86_64-fedora-gcc 1.0.1 260.11 NOTE
r-devel-windows-x86_64 1.0.1 17.00 159.00 176.00 NOTE
r-patched-linux-x86_64 1.0.1 10.66 154.36 165.02 NOTE
r-release-linux-x86_64 1.0.1 12.84 153.60 166.44 NOTE
r-release-macos-arm64 1.0.1 94.00 NOTE
r-release-macos-x86_64 1.0.1 170.00 NOTE
r-release-windows-x86_64 1.0.1 18.00 161.00 179.00 NOTE
r-oldrel-macos-arm64 1.0.1 94.00 NOTE
r-oldrel-macos-x86_64 1.0.1 128.00 NOTE
r-oldrel-windows-x86_64 1.0.1 22.00 204.00 226.00 NOTE

Check Details

Version: 1.0.1
Check: Rd files
Result: NOTE checkRd: (-1) predict.tfunHDDC.Rd:31-39: Lost braces 31 | The teigen family. Stat Comput 22:1021{1029. <doi.org/10.1007/ | ^ Flavors: r-devel-linux-x86_64-debian-clang, r-devel-linux-x86_64-debian-gcc, r-devel-linux-x86_64-fedora-clang, r-devel-linux-x86_64-fedora-gcc, r-devel-windows-x86_64, r-patched-linux-x86_64, r-release-linux-x86_64, r-release-macos-arm64, r-release-macos-x86_64, r-release-windows-x86_64, r-oldrel-macos-arm64, r-oldrel-macos-x86_64, r-oldrel-windows-x86_64

Version: 1.0.1
Check: Rd cross-references
Result: NOTE Found the following Rd file(s) with Rd \link{} targets missing package anchors: tfunHDDC.Rd: tkmeans Please provide package anchors for all Rd \link{} targets not in the package itself and the base packages. Flavors: r-devel-linux-x86_64-debian-clang, r-devel-linux-x86_64-debian-gcc, r-devel-windows-x86_64, r-patched-linux-x86_64, r-release-linux-x86_64, r-release-windows-x86_64