Last updated on 2024-04-24 07:15:21 CEST.
Flavor | Version | Tinstall | Tcheck | Ttotal | Status | Flags |
---|---|---|---|---|---|---|
r-devel-linux-x86_64-debian-clang | 0.9.22 | 10.43 | 112.73 | 123.16 | OK | |
r-devel-linux-x86_64-debian-gcc | 0.9.22 | 10.61 | 86.49 | 97.10 | OK | |
r-devel-linux-x86_64-fedora-clang | 0.9.22 | 157.27 | NOTE | |||
r-devel-linux-x86_64-fedora-gcc | 0.9.22 | 163.31 | NOTE | |||
r-prerel-macos-arm64 | 0.9.22 | 52.00 | OK | |||
r-prerel-windows-x86_64 | 0.9.22 | 13.00 | 142.00 | 155.00 | OK | |
r-patched-linux-x86_64 | 0.9.22 | 11.70 | 106.79 | 118.49 | OK | |
r-release-linux-x86_64 | 0.9.22 | 11.75 | 111.06 | 122.81 | OK | |
r-release-macos-arm64 | 0.9.22 | 61.00 | OK | |||
r-release-macos-x86_64 | 0.9.22 | 85.00 | OK | |||
r-release-windows-x86_64 | 0.9.22 | 16.00 | 145.00 | 161.00 | OK | |
r-oldrel-macos-arm64 | 0.9.22 | 49.00 | NOTE | |||
r-oldrel-windows-x86_64 | 0.9.22 | 17.00 | 145.00 | 162.00 | OK |
Version: 0.9.22
Check: data for non-ASCII characters
Result: NOTE
Note: found 153 marked Latin-1 strings
Note: found 108 marked UTF-8 strings
Flavors: r-devel-linux-x86_64-fedora-clang, r-devel-linux-x86_64-fedora-gcc, r-oldrel-macos-arm64