Last updated on 2024-04-19 06:56:35 CEST.
Flavor | Version | Tinstall | Tcheck | Ttotal | Status | Flags |
---|---|---|---|---|---|---|
r-devel-linux-x86_64-debian-clang | 1.3.1 | 12.75 | 120.18 | 132.93 | NOTE | |
r-devel-linux-x86_64-debian-gcc | 1.3.1 | NOTE | ||||
r-devel-linux-x86_64-fedora-clang | 1.3.1 | 163.27 | NOTE | |||
r-devel-linux-x86_64-fedora-gcc | 1.3.1 | 157.45 | NOTE | |||
r-prerel-macos-arm64 | 1.3.1 | 50.00 | NOTE | |||
r-prerel-windows-x86_64 | 1.3.1 | 14.00 | 124.00 | 138.00 | NOTE | |
r-patched-linux-x86_64 | 1.3.1 | 15.33 | 114.86 | 130.19 | NOTE | |
r-release-linux-x86_64 | 1.3.1 | 12.36 | 117.40 | 129.76 | OK | |
r-release-macos-arm64 | 1.3.1 | 52.00 | OK | |||
r-release-macos-x86_64 | 1.3.1 | 84.00 | OK | |||
r-release-windows-x86_64 | 1.3.1 | 17.00 | 151.00 | 168.00 | OK | |
r-oldrel-macos-arm64 | 1.3.1 | 51.00 | NOTE | |||
r-oldrel-windows-x86_64 | 1.3.1 | 17.00 | 150.00 | 167.00 | OK |
Version: 1.3.1
Check: Rd files
Result: NOTE
checkRd: (-1) summary.armasubsets.Rd:16: Lost braces
16 | \item{matrix.logical}{With matrix=TRUE, the matrix is logical TRUE/FALSE or string "*"/code{" "}}
| ^
Flavors: r-devel-linux-x86_64-debian-clang, r-devel-linux-x86_64-debian-gcc, r-devel-linux-x86_64-fedora-clang, r-devel-linux-x86_64-fedora-gcc, r-prerel-macos-arm64, r-prerel-windows-x86_64, r-patched-linux-x86_64
Version: 1.3.1
Check: dependencies in R code
Result: NOTE
Namespace in Imports field not imported from: ‘tseries’
All declared Imports should be used.
Flavors: r-devel-linux-x86_64-fedora-clang, r-devel-linux-x86_64-fedora-gcc, r-oldrel-macos-arm64