CRAN Package Check Results for Package TSCI

Last updated on 2025-07-22 06:49:40 CEST.

Flavor Version Tinstall Tcheck Ttotal Status Flags
r-devel-linux-x86_64-debian-clang 3.0.4 9.64 93.24 102.88 NOTE
r-devel-linux-x86_64-debian-gcc 3.0.4 6.52 63.79 70.31 NOTE
r-devel-linux-x86_64-fedora-clang 3.0.4 160.86 OK
r-devel-linux-x86_64-fedora-gcc 3.0.4 149.05 OK
r-devel-windows-x86_64 3.0.4 10.00 175.00 185.00 OK
r-patched-linux-x86_64 3.0.4 9.06 87.85 96.91 OK
r-release-linux-x86_64 3.0.4 7.53 88.45 95.98 OK
r-release-macos-arm64 3.0.4 70.00 OK
r-release-macos-x86_64 3.0.4 92.00 OK
r-release-windows-x86_64 3.0.4 10.00 180.00 190.00 OK
r-oldrel-macos-arm64 3.0.4 46.00 OK
r-oldrel-macos-x86_64 3.0.4 84.00 OK
r-oldrel-windows-x86_64 3.0.4 14.00 120.00 134.00 OK

Check Details

Version: 3.0.4
Check: CRAN incoming feasibility
Result: NOTE Maintainer: ‘David Carl <david.carl@phd.unibocconi.it>’ The Description field contains Variables" <arXiv:2203.12808>. The vignette is available in Carl, <arXiv:2304.00513>. Please refer to arXiv e-prints via their arXiv DOI <doi:10.48550/arXiv.YYMM.NNNNN>. Flavors: r-devel-linux-x86_64-debian-clang, r-devel-linux-x86_64-debian-gcc