Last updated on 2025-11-23 05:50:37 CET.
| Flavor | Version | Tinstall | Tcheck | Ttotal | Status | Flags |
|---|---|---|---|---|---|---|
| r-devel-linux-x86_64-debian-clang | 0.1.0 | 2.27 | 22.28 | 24.55 | OK | |
| r-devel-linux-x86_64-debian-gcc | 0.1.0 | 1.72 | 17.82 | 19.54 | OK | |
| r-devel-linux-x86_64-fedora-clang | 0.1.0 | 36.05 | NOTE | |||
| r-devel-windows-x86_64 | 0.1.0 | 5.00 | 40.00 | 45.00 | OK | |
| r-patched-linux-x86_64 | 0.1.0 | 2.44 | 20.47 | 22.91 | OK | |
| r-release-linux-x86_64 | 0.1.0 | 2.28 | 20.56 | 22.84 | OK | |
| r-release-macos-arm64 | 0.1.0 | OK | ||||
| r-release-macos-x86_64 | 0.1.0 | 2.00 | 22.00 | 24.00 | OK | |
| r-release-windows-x86_64 | 0.1.0 | 3.00 | 80.00 | 83.00 | OK | |
| r-oldrel-macos-arm64 | 0.1.0 | OK | ||||
| r-oldrel-macos-x86_64 | 0.1.0 | 2.00 | 19.00 | 21.00 | OK | |
| r-oldrel-windows-x86_64 | 0.1.0 | 4.00 | 63.00 | 67.00 | OK |
Version: 0.1.0
Check: dependencies in R code
Result: NOTE
Namespace in Imports field not imported from: ‘stats’
All declared Imports should be used.
Flavor: r-devel-linux-x86_64-fedora-clang