Last updated on 2025-11-23 05:50:37 CET.
| Flavor | Version | Tinstall | Tcheck | Ttotal | Status | Flags |
|---|---|---|---|---|---|---|
| r-devel-linux-x86_64-debian-clang | 0.1.0 | 2.33 | 21.66 | 23.99 | OK | |
| r-devel-linux-x86_64-debian-gcc | 0.1.0 | 1.62 | 17.72 | 19.34 | OK | |
| r-devel-linux-x86_64-fedora-clang | 0.1.0 | 34.77 | NOTE | |||
| r-devel-windows-x86_64 | 0.1.0 | 4.00 | 40.00 | 44.00 | OK | |
| r-patched-linux-x86_64 | 0.1.0 | 2.38 | 20.17 | 22.55 | OK | |
| r-release-linux-x86_64 | 0.1.0 | 2.16 | 20.33 | 22.49 | OK | |
| r-release-macos-arm64 | 0.1.0 | OK | ||||
| r-release-macos-x86_64 | 0.1.0 | 2.00 | 21.00 | 23.00 | OK | |
| r-release-windows-x86_64 | 0.1.0 | 3.00 | 80.00 | 83.00 | OK | |
| r-oldrel-macos-arm64 | 0.1.0 | OK | ||||
| r-oldrel-macos-x86_64 | 0.1.0 | 2.00 | 19.00 | 21.00 | OK | |
| r-oldrel-windows-x86_64 | 0.1.0 | 3.00 | 62.00 | 65.00 | OK |
Version: 0.1.0
Check: dependencies in R code
Result: NOTE
Namespace in Imports field not imported from: ‘stats’
All declared Imports should be used.
Flavor: r-devel-linux-x86_64-fedora-clang