Last updated on 2024-07-05 19:04:33 CEST.
Flavor | Version | Tinstall | Tcheck | Ttotal | Status | Flags |
---|---|---|---|---|---|---|
r-devel-linux-x86_64-debian-clang | 0.1 | 8.00 | 87.81 | 95.81 | NOTE | |
r-devel-linux-x86_64-debian-gcc | 0.1 | 6.32 | 67.34 | 73.66 | NOTE | |
r-devel-linux-x86_64-fedora-clang | 0.1 | 120.15 | NOTE | |||
r-devel-linux-x86_64-fedora-gcc | 0.1 | 112.60 | NOTE | |||
r-devel-windows-x86_64 | 0.1 | 8.00 | 80.00 | 88.00 | NOTE | |
r-patched-linux-x86_64 | 0.1 | 6.64 | 84.57 | 91.21 | NOTE | |
r-release-linux-x86_64 | 0.1 | 7.42 | 82.26 | 89.68 | NOTE | |
r-release-macos-arm64 | 0.1 | 35.00 | NOTE | |||
r-release-macos-x86_64 | 0.1 | 60.00 | NOTE | |||
r-release-windows-x86_64 | 0.1 | 7.00 | 81.00 | 88.00 | NOTE | |
r-oldrel-macos-arm64 | 0.1 | 40.00 | NOTE | |||
r-oldrel-macos-x86_64 | 0.1 | 65.00 | NOTE | |||
r-oldrel-windows-x86_64 | 0.1 | 10.00 | 94.00 | 104.00 | NOTE |
Version: 0.1
Check: LazyData
Result: NOTE
'LazyData' is specified without a 'data' directory
Flavors: r-devel-linux-x86_64-debian-clang, r-devel-linux-x86_64-debian-gcc, r-devel-linux-x86_64-fedora-clang, r-devel-linux-x86_64-fedora-gcc, r-devel-windows-x86_64, r-patched-linux-x86_64, r-release-linux-x86_64, r-release-macos-arm64, r-release-macos-x86_64, r-release-windows-x86_64, r-oldrel-macos-arm64, r-oldrel-macos-x86_64, r-oldrel-windows-x86_64