Last updated on 2024-03-28 17:49:44 CET.
Flavor | Version | Tinstall | Tcheck | Ttotal | Status | Flags |
---|---|---|---|---|---|---|
r-devel-linux-x86_64-debian-clang | 1.1.3 | 16.48 | 91.98 | 108.46 | NOTE | |
r-devel-linux-x86_64-debian-gcc | 1.1.3 | 13.80 | 68.51 | 82.31 | NOTE | |
r-devel-linux-x86_64-fedora-clang | 1.1.3 | 134.96 | NOTE | |||
r-devel-linux-x86_64-fedora-gcc | 1.1.3 | 128.08 | NOTE | |||
r-devel-windows-x86_64 | 1.1.3 | 13.00 | 87.00 | 100.00 | NOTE | |
r-patched-linux-x86_64 | 1.1.3 | 19.07 | 90.05 | 109.12 | NOTE | |
r-release-linux-x86_64 | 1.1.3 | 13.61 | 92.65 | 106.26 | NOTE | |
r-release-macos-arm64 | 1.1.3 | 35.00 | NOTE | |||
r-release-macos-x86_64 | 1.1.3 | 64.00 | NOTE | |||
r-release-windows-x86_64 | 1.1.3 | 13.00 | 107.00 | 120.00 | NOTE | |
r-oldrel-macos-arm64 | 1.1.3 | 36.00 | OK | |||
r-oldrel-windows-x86_64 | 1.1.3 | 24.00 | 104.00 | 128.00 | OK |
Version: 1.1.3
Check: Rd files
Result: NOTE
checkRd: (-1) CPdimensionalityplot.Rd:18: Escaped LaTeX specials: \&
checkRd: (-1) CPdimensionalityplot.Rd:19: Escaped LaTeX specials: \&
checkRd: (-1) Kinship.Rd:15: Escaped LaTeX specials: \&
checkRd: (-1) Kinship.Rd:23: Escaped LaTeX specials: \&
checkRd: (-1) T2func.Rd:44: Escaped LaTeX specials: \&
checkRd: (-1) T2funcrep.Rd:44: Escaped LaTeX specials: \&
checkRd: (-1) T3dimensionalityplot.Rd:18: Escaped LaTeX specials: \&
checkRd: (-1) T3func.Rd:43: Escaped LaTeX specials: \&
checkRd: (-1) T3func.Rd:44: Escaped LaTeX specials: \&
checkRd: (-1) T3funcrep.Rd:43: Escaped LaTeX specials: \&
checkRd: (-1) T3funcrep.Rd:44: Escaped LaTeX specials: \&
checkRd: (-1) TV.Rd:26: Escaped LaTeX specials: \& \& \&
checkRd: (-1) TV.Rd:30: Escaped LaTeX specials: \&
checkRd: (-1) TV.Rd:31: Escaped LaTeX specials: \&
checkRd: (-1) TV.Rd:32: Escaped LaTeX specials: \&
checkRd: (-1) TV.Rd:33: Escaped LaTeX specials: \&
checkRd: (-1) pcamean.Rd:33: Escaped LaTeX specials: \&
checkRd: (-1) threewayanova.Rd:24: Escaped LaTeX specials: \&
Flavors: r-devel-linux-x86_64-debian-clang, r-devel-linux-x86_64-debian-gcc, r-devel-linux-x86_64-fedora-clang, r-devel-linux-x86_64-fedora-gcc, r-devel-windows-x86_64, r-patched-linux-x86_64, r-release-linux-x86_64, r-release-macos-arm64, r-release-macos-x86_64, r-release-windows-x86_64