Last updated on 2025-07-21 06:49:41 CEST.
Flavor | Version | Tinstall | Tcheck | Ttotal | Status | Flags |
---|---|---|---|---|---|---|
r-devel-linux-x86_64-debian-clang | 1.0.1 | 9.35 | 77.88 | 87.23 | NOTE | |
r-devel-linux-x86_64-debian-gcc | 1.0.1 | 6.74 | 58.58 | 65.32 | NOTE | |
r-devel-linux-x86_64-fedora-clang | 1.0.1 | 136.40 | OK | |||
r-devel-linux-x86_64-fedora-gcc | 1.0.1 | 144.93 | OK | |||
r-devel-windows-x86_64 | 1.0.1 | 11.00 | 84.00 | 95.00 | OK | |
r-patched-linux-x86_64 | 1.0.1 | 9.25 | 74.97 | 84.22 | OK | |
r-release-linux-x86_64 | 1.0.1 | 8.80 | 75.99 | 84.79 | OK | |
r-release-macos-arm64 | 1.0.1 | 67.00 | OK | |||
r-release-macos-x86_64 | 1.0.1 | 107.00 | OK | |||
r-release-windows-x86_64 | 1.0.1 | 10.00 | 87.00 | 97.00 | OK | |
r-oldrel-macos-arm64 | 1.0.1 | 47.00 | OK | |||
r-oldrel-macos-x86_64 | 1.0.1 | 77.00 | OK | |||
r-oldrel-windows-x86_64 | 1.0.1 | 14.00 | 111.00 | 125.00 | OK |
Version: 1.0.1
Check: CRAN incoming feasibility
Result: NOTE
Maintainer: ‘Mingyang Ren <renmingyang17@mails.ucas.ac.cn>’
The Description field contains
M., Zhen Y., and Wang J. (2022) <arXiv:2211.09391> "Transfer learning
<arXiv:2310.10239> "Structural transfer learning of non-Gaussian DAG".
Please refer to arXiv e-prints via their arXiv DOI <doi:10.48550/arXiv.YYMM.NNNNN>.
Flavors: r-devel-linux-x86_64-debian-clang, r-devel-linux-x86_64-debian-gcc