Last updated on 2025-07-27 06:49:43 CEST.
Flavor | Version | Tinstall | Tcheck | Ttotal | Status | Flags |
---|---|---|---|---|---|---|
r-devel-linux-x86_64-debian-clang | 5.1.1 | 123.49 | 102.26 | 225.75 | OK | |
r-devel-linux-x86_64-debian-gcc | 5.1.1 | 101.63 | 72.74 | 174.37 | OK | |
r-devel-linux-x86_64-fedora-clang | 5.1.1 | 360.30 | OK | |||
r-devel-linux-x86_64-fedora-gcc | 5.1.1 | 445.24 | OK | |||
r-devel-windows-x86_64 | 5.1.1 | 134.00 | 166.00 | 300.00 | OK | |
r-patched-linux-x86_64 | 5.1.1 | 139.95 | 95.02 | 234.97 | OK | |
r-release-linux-x86_64 | 5.1.1 | 133.88 | 97.47 | 231.35 | OK | |
r-release-macos-arm64 | 5.1 | 100.00 | OK | |||
r-release-macos-x86_64 | 5.1.1 | 208.00 | OK | |||
r-release-windows-x86_64 | 5.1.1 | 130.00 | 145.00 | 275.00 | OK | |
r-oldrel-macos-arm64 | 5.1 | 97.00 | NOTE | |||
r-oldrel-macos-x86_64 | 5.1.1 | 196.00 | NOTE | |||
r-oldrel-windows-x86_64 | 5.1.1 | 156.00 | 186.00 | 342.00 | OK |
Version: 5.1
Check: installed package size
Result: NOTE
installed size is 22.6Mb
sub-directories of 1Mb or more:
libs 22.1Mb
Flavor: r-oldrel-macos-arm64
Version: 5.1.1
Check: installed package size
Result: NOTE
installed size is 23.8Mb
sub-directories of 1Mb or more:
libs 23.4Mb
Flavor: r-oldrel-macos-x86_64