Last updated on 2025-11-23 17:50:30 CET.
| Flavor | Version | Tinstall | Tcheck | Ttotal | Status | Flags |
|---|---|---|---|---|---|---|
| r-devel-linux-x86_64-debian-clang | 1.0.0 | 1.67 | 19.38 | 21.05 | NOTE | |
| r-devel-linux-x86_64-debian-gcc | 1.0.0 | 1.29 | 15.80 | 17.09 | NOTE | |
| r-devel-linux-x86_64-fedora-clang | 1.0.0 | 31.51 | OK | |||
| r-devel-windows-x86_64 | 1.0.0 | 4.00 | 38.00 | 42.00 | OK | |
| r-patched-linux-x86_64 | 1.0.0 | 1.84 | 18.17 | 20.01 | OK | |
| r-release-linux-x86_64 | 1.0.0 | 1.65 | 17.97 | 19.62 | OK | |
| r-release-macos-arm64 | 1.0.0 | OK | ||||
| r-release-macos-x86_64 | 1.0.0 | 2.00 | 21.00 | 23.00 | OK | |
| r-release-windows-x86_64 | 1.0.0 | 2.00 | 57.00 | 59.00 | OK | |
| r-oldrel-macos-arm64 | 1.0.0 | OK | ||||
| r-oldrel-macos-x86_64 | 1.0.0 | 1.00 | 18.00 | 19.00 | OK | |
| r-oldrel-windows-x86_64 | 1.0.0 | 3.00 | 42.00 | 45.00 | OK |
Version: 1.0.0
Check: CRAN incoming feasibility
Result: NOTE
Maintainer: ‘Snigdhansu Chatterjee <chatt019@umn.edu>’
No Authors@R field in DESCRIPTION.
Please add one, modifying
Authors@R: person(given = "Snigdhansu",
family = "Chatterjee",
role = c("aut", "cre"),
email = "chatt019@umn.edu")
as necessary.
Flavors: r-devel-linux-x86_64-debian-clang, r-devel-linux-x86_64-debian-gcc