CRAN Package Check Results for Package VSOLassoBag

Last updated on 2025-06-28 18:49:54 CEST.

Flavor Version Tinstall Tcheck Ttotal Status Flags
r-devel-linux-x86_64-debian-clang 0.99.1 31.53 489.21 520.74 NOTE
r-devel-linux-x86_64-debian-gcc 0.99.1 22.99 389.55 412.54 NOTE
r-devel-linux-x86_64-fedora-clang 0.99.1 786.92 OK
r-devel-linux-x86_64-fedora-gcc 0.99.1 776.76 OK
r-devel-windows-x86_64 0.99.1 32.00 411.00 443.00 NOTE
r-patched-linux-x86_64 NOTE
r-release-linux-x86_64 0.99.1 30.39 469.50 499.89 NOTE
r-release-macos-arm64 0.99.1 231.00 OK
r-release-macos-x86_64 0.99.1 427.00 OK
r-release-windows-x86_64 0.99.1 32.00 418.00 450.00 NOTE
r-oldrel-macos-arm64 0.99.1 219.00 OK
r-oldrel-macos-x86_64 0.99.1 322.00 OK
r-oldrel-windows-x86_64 0.99.1 44.00 559.00 603.00 OK

Check Details

Version: 0.99.1
Check: Rd cross-references
Result: NOTE Found the following Rd file(s) with Rd \link{} targets missing package anchors: VSOLassoBag.Rd: coxph Please provide package anchors for all Rd \link{} targets not in the package itself and the base packages. Flavors: r-devel-linux-x86_64-debian-clang, r-devel-linux-x86_64-debian-gcc, r-devel-windows-x86_64, r-patched-linux-x86_64, r-release-linux-x86_64, r-release-windows-x86_64