Last updated on 2024-03-28 06:01:42 CET.
Flavor | Version | Tinstall | Tcheck | Ttotal | Status | Flags |
---|---|---|---|---|---|---|
r-devel-linux-x86_64-debian-clang | 1.2.4 | 8.06 | 115.31 | 123.37 | OK | |
r-devel-linux-x86_64-debian-gcc | 1.2.4 | 8.99 | 89.24 | 98.23 | OK | |
r-devel-linux-x86_64-fedora-clang | 1.2.4 | 162.25 | NOTE | |||
r-devel-linux-x86_64-fedora-gcc | 1.2.4 | 172.40 | OK | |||
r-devel-windows-x86_64 | 1.2.4 | 12.00 | 113.00 | 125.00 | OK | |
r-patched-linux-x86_64 | 1.2.4 | 11.01 | 117.13 | 128.14 | OK | |
r-release-linux-x86_64 | 1.2.4 | 7.27 | 115.23 | 122.50 | OK | |
r-release-macos-arm64 | 1.2.4 | 56.00 | OK | |||
r-release-macos-x86_64 | 1.2.4 | 81.00 | OK | |||
r-release-windows-x86_64 | 1.2.4 | 14.00 | 129.00 | 143.00 | OK | |
r-oldrel-macos-arm64 | 1.2.4 | 56.00 | OK | |||
r-oldrel-windows-x86_64 | 1.2.4 | 15.00 | 129.00 | 144.00 | OK |
Version: 1.2.4
Check: Rd cross-references
Result: NOTE
Undeclared package ‘tibble’ in Rd xrefs
Flavor: r-devel-linux-x86_64-fedora-clang