Last updated on 2025-07-27 06:49:44 CEST.
Flavor | Version | Tinstall | Tcheck | Ttotal | Status | Flags |
---|---|---|---|---|---|---|
r-devel-linux-x86_64-debian-clang | 0.1.0 | 1.85 | 26.68 | 28.53 | OK | |
r-devel-linux-x86_64-debian-gcc | 0.1.0 | 1.49 | 21.35 | 22.84 | OK | |
r-devel-linux-x86_64-fedora-clang | 0.1.0 | 44.98 | OK | |||
r-devel-linux-x86_64-fedora-gcc | 0.1.0 | 45.91 | OK | |||
r-devel-windows-x86_64 | 0.1.0 | 4.00 | 59.00 | 63.00 | OK | |
r-patched-linux-x86_64 | 0.1.0 | 1.92 | 26.94 | 28.86 | OK | |
r-release-linux-x86_64 | 0.1.0 | 1.73 | 25.41 | 27.14 | OK | |
r-release-macos-arm64 | 0.1.0 | 20.00 | OK | |||
r-release-macos-x86_64 | 0.1.0 | 33.00 | OK | |||
r-release-windows-x86_64 | 0.1.0 | 3.00 | 51.00 | 54.00 | OK | |
r-oldrel-macos-arm64 | 0.1.0 | 18.00 | NOTE | |||
r-oldrel-macos-x86_64 | 0.1.0 | 27.00 | NOTE | |||
r-oldrel-windows-x86_64 | 0.1.0 | 4.00 | 58.00 | 62.00 | NOTE |
Version: 0.1.0
Check: LazyData
Result: NOTE
'LazyData' is specified without a 'data' directory
Flavors: r-oldrel-macos-arm64, r-oldrel-macos-x86_64, r-oldrel-windows-x86_64