Last updated on 2025-05-18 06:49:31 CEST.
Flavor | Version | Tinstall | Tcheck | Ttotal | Status | Flags |
---|---|---|---|---|---|---|
r-devel-linux-x86_64-debian-clang | 2.3.3 | 7.33 | 54.91 | 62.24 | NOTE | |
r-devel-linux-x86_64-debian-gcc | 2.3.3 | 4.14 | 39.86 | 44.00 | NOTE | |
r-devel-linux-x86_64-fedora-clang | 2.3.3 | 92.31 | NOTE | |||
r-devel-linux-x86_64-fedora-gcc | 2.3.3 | 85.30 | NOTE | |||
r-devel-windows-x86_64 | 2.3.3 | 10.00 | 84.00 | 94.00 | NOTE | |
r-patched-linux-x86_64 | 2.3.3 | 7.17 | 49.46 | 56.63 | NOTE | |
r-release-linux-x86_64 | 2.3.3 | 6.48 | 50.58 | 57.06 | NOTE | |
r-release-macos-arm64 | 2.3.3 | 53.00 | NOTE | |||
r-release-macos-x86_64 | 2.3.3 | 79.00 | NOTE | |||
r-release-windows-x86_64 | 2.3.3 | 9.00 | 149.00 | 158.00 | ERROR | |
r-oldrel-macos-arm64 | 2.3.3 | 53.00 | NOTE | |||
r-oldrel-macos-x86_64 | 2.3.3 | 69.00 | NOTE | |||
r-oldrel-windows-x86_64 | 2.3.3 | 11.00 | 98.00 | 109.00 | NOTE |
Version: 2.3.3
Check: Rd files
Result: NOTE
checkRd: (-1) get_geo_box.Rd:37-38: Lost braces in \itemize; \value handles \item{}{} directly
checkRd: (-1) get_geo_box.Rd:39-40: Lost braces in \itemize; \value handles \item{}{} directly
checkRd: (-1) get_geo_box.Rd:41: Lost braces in \itemize; \value handles \item{}{} directly
checkRd: (-1) get_geo_box.Rd:42: Lost braces in \itemize; \value handles \item{}{} directly
checkRd: (-1) get_geo_box.Rd:43-44: Lost braces in \itemize; \value handles \item{}{} directly
checkRd: (-1) get_geo_entity.Rd:27-28: Lost braces in \itemize; \value handles \item{}{} directly
checkRd: (-1) get_geo_entity.Rd:29-30: Lost braces in \itemize; \value handles \item{}{} directly
checkRd: (-1) get_geo_entity.Rd:31: Lost braces in \itemize; \value handles \item{}{} directly
checkRd: (-1) get_geo_entity.Rd:32: Lost braces in \itemize; \value handles \item{}{} directly
checkRd: (-1) get_geo_entity.Rd:33-34: Lost braces in \itemize; \value handles \item{}{} directly
Flavors: r-devel-linux-x86_64-debian-clang, r-devel-linux-x86_64-debian-gcc, r-devel-linux-x86_64-fedora-clang, r-devel-linux-x86_64-fedora-gcc, r-devel-windows-x86_64, r-patched-linux-x86_64, r-release-linux-x86_64, r-release-macos-arm64, r-release-macos-x86_64, r-release-windows-x86_64, r-oldrel-macos-arm64, r-oldrel-macos-x86_64, r-oldrel-windows-x86_64
Version: 2.3.3
Check: examples
Result: ERROR
Running examples in 'WikidataR-Ex.R' failed
The error most likely occurred in:
> ### Name: identifier_from_identifier
> ### Title: identifier from identifier
> ### Aliases: identifier_from_identifier
>
> ### ** Examples
>
> identifier_from_identifier('ORCID iD','IMDb ID',c('0000-0002-7865-7235','0000-0003-1079-5604'))
Error in FUN(X[[i]], ...) : Gateway Timeout (HTTP 504).
Calls: identifier_from_identifier ... query_wikidata -> <Anonymous> -> lapply -> FUN -> <Anonymous>
Execution halted
Flavor: r-release-windows-x86_64