CRAN Package Check Results for Package WufooR

Last updated on 2018-01-20 16:47:05 CET.

Flavor Version Tinstall Tcheck Ttotal Status Flags
r-devel-linux-x86_64-debian-clang 0.6.2 1.61 37.47 39.08 NOTE
r-devel-linux-x86_64-debian-gcc 0.6.2 1.15 29.61 30.76 NOTE
r-devel-linux-x86_64-fedora-clang 0.6.2 42.82 NOTE
r-devel-linux-x86_64-fedora-gcc 0.6.2 41.29 NOTE
r-devel-windows-ix86+x86_64 0.6.2 5.00 72.00 77.00 OK
r-patched-linux-x86_64 0.6.2 1.74 37.01 38.75 OK
r-patched-solaris-x86 0.6.2 64.60 OK
r-release-linux-x86_64 0.6.2 1.72 36.83 38.55 OK
r-release-windows-ix86+x86_64 0.6.2 8.00 73.00 81.00 OK
r-release-osx-x86_64 0.6.2 OK
r-oldrel-windows-ix86+x86_64 0.6.2 6.00 67.00 73.00 OK
r-oldrel-osx-x86_64 0.6.2 ERROR

Check Details

Version: 0.6.2
Check: DESCRIPTION meta-information
Result: NOTE
    Dependence on R version ‘3.3.3’ not with patchlevel 0
Flavors: r-devel-linux-x86_64-debian-clang, r-devel-linux-x86_64-debian-gcc, r-devel-linux-x86_64-fedora-clang, r-devel-linux-x86_64-fedora-gcc

Version: 0.6.2
Check: whether package can be installed
Result: ERROR
    Installation failed.
Flavor: r-oldrel-osx-x86_64