CRAN Package Check Results for Package WufooR

Last updated on 2018-04-20 18:55:46 CEST.

Flavor Version Tinstall Tcheck Ttotal Status Flags
r-devel-linux-x86_64-debian-clang 0.8 2.22 29.22 31.44 OK
r-devel-linux-x86_64-debian-gcc 0.8 1.53 23.55 25.08 OK
r-devel-linux-x86_64-fedora-clang 0.8 37.32 OK
r-devel-linux-x86_64-fedora-gcc 0.8 35.52 OK
r-devel-windows-ix86+x86_64 0.8 7.00 44.00 51.00 OK
r-devel-osx-x86_64 0.8 OK
r-patched-linux-x86_64 0.8 2.11 28.56 30.67 OK
r-patched-solaris-x86 0.8 58.80 OK
r-release-linux-x86_64 0.8 1.62 29.97 31.59 OK
r-release-windows-ix86+x86_64 0.8 9.00 46.00 55.00 OK
r-release-osx-x86_64 0.8 OK
r-oldrel-windows-ix86+x86_64 0.6.2 4.00 47.00 51.00 ERROR

Check Details

Version: 0.6.2
Check: examples
Result: ERROR
    Running examples in 'WufooR-Ex.R' failed
    The error most likely occurred in:
    
    > ### Name: fields_info
    > ### Title: Return details about form's fields
    > ### Aliases: fields_info
    >
    > ### ** Examples
    >
    > fields_info(formIdentifier = "z5kqx7h1gtvg4g", showRequestURL = TRUE)
    Error in http_statuses[[as.character(status)]] : subscript out of bounds
    Calls: fields_info -> doRequest -> stop_for_status
    Execution halted
Flavor: r-oldrel-windows-ix86+x86_64

Version: 0.6.2
Check: tests
Result: ERROR
     Running 'testthat.R' [6s]
    Running the tests in 'tests/testthat.R' failed.
    Last 13 lines of output:
     3: stop_for_status(getResponse)
     4: stop(http_condition(x, "error", task = task, call = call))
     5: http_condition(x, "error", task = task, call = call)
     6: http_status(status)
    
     == testthat results ===========================================================
     OK: 1 SKIPPED: 0 FAILED: 5
     1. Error: Fields request returns 17 rows, always (@test-fieldsAndreports.R#9)
     2. Error: Reports have 11 fields (@test-fieldsAndreports.R#16)
     3. Error: Form request returns 17 rows, always (@test-forms.R#9)
     4. Error: Form returns entries, with the requested URL (@test-forms.R#14)
     5. Error: User request returns 17 rows, always (@test-users.R#9)
    
     Error: testthat unit tests failed
     Execution halted
Flavor: r-oldrel-windows-ix86+x86_64

Version: 0.6.2
Check: re-building of vignette outputs
Result: WARN
    Error in re-building vignettes:
     ...
    Quitting from lines 46-47 (Tutorial.Rmd)
    Error: processing vignette 'Tutorial.Rmd' failed with diagnostics:
    subscript out of bounds
    Execution halted
Flavor: r-oldrel-windows-ix86+x86_64