Last updated on 2024-07-23 18:59:15 CEST.
Flavor | Version | Tinstall | Tcheck | Ttotal | Status | Flags |
---|---|---|---|---|---|---|
r-devel-linux-x86_64-debian-clang | 4.0.4 | 2.11 | 19.86 | 21.97 | OK | |
r-devel-linux-x86_64-debian-gcc | 4.0.4 | 1.31 | 15.53 | 16.84 | OK | |
r-devel-linux-x86_64-fedora-clang | 4.0.4 | 27.77 | NOTE | |||
r-devel-linux-x86_64-fedora-gcc | 4.0.4 | 25.90 | NOTE | |||
r-devel-windows-x86_64 | 4.0.4 | 2.00 | 38.00 | 40.00 | OK | |
r-patched-linux-x86_64 | 4.0.4 | 2.11 | 19.24 | 21.35 | OK | |
r-release-linux-x86_64 | 4.0.4 | 1.62 | 18.86 | 20.48 | OK | |
r-release-macos-arm64 | 4.0.4 | 15.00 | OK | |||
r-release-macos-x86_64 | 4.0.4 | 20.00 | OK | |||
r-release-windows-x86_64 | 4.0.4 | 2.00 | 37.00 | 39.00 | OK | |
r-oldrel-macos-arm64 | 4.0.4 | 15.00 | OK | |||
r-oldrel-macos-x86_64 | 4.0.4 | 17.00 | OK | |||
r-oldrel-windows-x86_64 | 4.0.4 | 3.00 | 35.00 | 38.00 | OK |
Version: 4.0.4
Check: dependencies in R code
Result: NOTE
Namespace in Imports field not imported from: ‘lubridate’
All declared Imports should be used.
Flavors: r-devel-linux-x86_64-fedora-clang, r-devel-linux-x86_64-fedora-gcc