Last updated on 2024-07-23 18:58:52 CEST.
Flavor | Version | Tinstall | Tcheck | Ttotal | Status | Flags |
---|---|---|---|---|---|---|
r-devel-linux-x86_64-debian-clang | 0.1.1 | 2.18 | 22.97 | 25.15 | OK | |
r-devel-linux-x86_64-debian-gcc | 0.1.1 | 1.38 | 17.87 | 19.25 | OK | |
r-devel-linux-x86_64-fedora-clang | 0.1.1 | 32.44 | NOTE | |||
r-devel-linux-x86_64-fedora-gcc | 0.1.1 | 30.55 | NOTE | |||
r-devel-windows-x86_64 | 0.1.1 | 2.00 | 40.00 | 42.00 | OK | |
r-patched-linux-x86_64 | 0.1.1 | 1.64 | 22.83 | 24.47 | OK | |
r-release-linux-x86_64 | 0.1.1 | 2.18 | 22.45 | 24.63 | OK | |
r-release-macos-arm64 | 0.1.1 | 15.00 | OK | |||
r-release-macos-x86_64 | 0.1.1 | 23.00 | OK | |||
r-release-windows-x86_64 | 0.1.1 | 3.00 | 39.00 | 42.00 | OK | |
r-oldrel-macos-arm64 | 0.1.1 | 15.00 | OK | |||
r-oldrel-macos-x86_64 | 0.1.1 | 21.00 | OK | |||
r-oldrel-windows-x86_64 | 0.1.1 | 3.00 | 39.00 | 42.00 | OK |
Version: 0.1.1
Check: dependencies in R code
Result: NOTE
Namespace in Imports field not imported from: ‘MASS’
All declared Imports should be used.
Flavors: r-devel-linux-x86_64-fedora-clang, r-devel-linux-x86_64-fedora-gcc