Last updated on 2025-10-28 05:49:41 CET.
| Flavor | Version | Tinstall | Tcheck | Ttotal | Status | Flags |
|---|---|---|---|---|---|---|
| r-devel-linux-x86_64-debian-clang | 1.11 | 30.21 | 68.14 | 98.35 | OK | |
| r-devel-linux-x86_64-debian-gcc | 1.11 | 16.71 | 39.44 | 56.15 | OK | |
| r-devel-linux-x86_64-fedora-clang | 1.11 | 63.00 | 79.46 | 142.46 | OK | |
| r-devel-linux-x86_64-fedora-gcc | 1.11 | 61.00 | 63.63 | 124.63 | OK | |
| r-devel-windows-x86_64 | 1.11 | 30.00 | 87.00 | 117.00 | OK | |
| r-patched-linux-x86_64 | 1.11 | 25.15 | 50.99 | 76.14 | OK | |
| r-release-linux-x86_64 | 1.11 | 24.91 | 51.10 | 76.01 | OK | |
| r-release-macos-arm64 | 1.11 | 11.00 | 25.00 | 36.00 | OK | |
| r-release-macos-x86_64 | 1.11 | 27.00 | 48.00 | 75.00 | OK | |
| r-release-windows-x86_64 | 1.11 | 30.00 | 92.00 | 122.00 | OK | |
| r-oldrel-macos-arm64 | 1.11 | 12.00 | 31.00 | 43.00 | OK | |
| r-oldrel-macos-x86_64 | 1.11 | 27.00 | 62.00 | 89.00 | NOTE | |
| r-oldrel-windows-x86_64 | 1.11 | 38.00 | 112.00 | 150.00 | OK |
Version: 1.11
Check: installed package size
Result: NOTE
installed size is 5.4Mb
sub-directories of 1Mb or more:
R 2.2Mb
libs 3.1Mb
Flavor: r-oldrel-macos-x86_64