Last updated on 2024-07-05 19:04:16 CEST.
Flavor | Version | Tinstall | Tcheck | Ttotal | Status | Flags |
---|---|---|---|---|---|---|
r-devel-linux-x86_64-debian-clang | 1.1.1 | 64.26 | 42.84 | 107.10 | OK | |
r-devel-linux-x86_64-debian-gcc | 1.1.1 | 44.08 | 32.33 | 76.41 | OK | |
r-devel-linux-x86_64-fedora-clang | 1.1.1 | 156.01 | NOTE | |||
r-devel-linux-x86_64-fedora-gcc | 1.1.1 | 153.32 | NOTE | |||
r-devel-windows-x86_64 | 1.1.1 | 50.00 | 77.00 | 127.00 | OK | |
r-patched-linux-x86_64 | 1.1.1 | 51.27 | 40.59 | 91.86 | OK | |
r-release-linux-x86_64 | 1.1.1 | 54.11 | 40.95 | 95.06 | OK | |
r-release-macos-arm64 | 1.1.1 | 36.00 | OK | |||
r-release-macos-x86_64 | 1.1.1 | 51.00 | OK | |||
r-release-windows-x86_64 | 1.1.1 | 49.00 | 78.00 | 127.00 | OK | |
r-oldrel-macos-arm64 | 1.1.1 | 41.00 | OK | |||
r-oldrel-macos-x86_64 | 1.1.1 | 67.00 | OK | |||
r-oldrel-windows-x86_64 | 1.1.1 | 59.00 | 86.00 | 145.00 | OK |
Version: 1.1.1
Check: dependencies in R code
Result: NOTE
Namespaces in Imports field not imported from:
‘MASS’ ‘RcppProgress’
All declared Imports should be used.
Flavors: r-devel-linux-x86_64-fedora-clang, r-devel-linux-x86_64-fedora-gcc