Last updated on 2024-05-04 06:51:47 CEST.
Flavor | Version | Tinstall | Tcheck | Ttotal | Status | Flags |
---|---|---|---|---|---|---|
r-devel-linux-x86_64-debian-clang | 2.0-5 | 3.24 | 29.95 | 33.19 | NOTE | |
r-devel-linux-x86_64-debian-gcc | 2.0-5 | 2.43 | 23.32 | 25.75 | NOTE | |
r-devel-linux-x86_64-fedora-clang | 2.0-5 | 42.02 | NOTE | |||
r-devel-linux-x86_64-fedora-gcc | 2.0-5 | 42.19 | NOTE | |||
r-devel-windows-x86_64 | 2.0-5 | 4.00 | 51.00 | 55.00 | NOTE | |
r-patched-linux-x86_64 | 2.0-5 | 3.38 | 28.32 | 31.70 | NOTE | |
r-release-linux-x86_64 | 2.0-5 | 2.56 | 29.19 | 31.75 | NOTE | |
r-release-macos-arm64 | 2.0-5 | 17.00 | NOTE | |||
r-release-windows-x86_64 | 2.0-5 | 4.00 | 50.00 | 54.00 | NOTE | |
r-oldrel-macos-arm64 | 2.0-5 | 20.00 | NOTE | |||
r-oldrel-macos-x86_64 | 2.0-5 | 25.00 | NOTE | |||
r-oldrel-windows-x86_64 | 2.0-5 | 4.00 | 49.00 | 53.00 | NOTE |
Version: 2.0-5
Check: Rd files
Result: NOTE
checkRd: (-1) ada.Rd:171: Escaped LaTeX specials: \&
Flavors: r-devel-linux-x86_64-debian-clang, r-devel-linux-x86_64-debian-gcc, r-devel-linux-x86_64-fedora-clang, r-devel-linux-x86_64-fedora-gcc, r-devel-windows-x86_64, r-patched-linux-x86_64, r-release-linux-x86_64, r-release-macos-arm64, r-release-windows-x86_64, r-oldrel-macos-arm64, r-oldrel-macos-x86_64, r-oldrel-windows-x86_64