CRAN Package Check Results for Package ada

Last updated on 2025-11-23 17:50:05 CET.

Flavor Version Tinstall Tcheck Ttotal Status Flags
r-devel-linux-x86_64-debian-clang 2.0-5 2.49 27.05 29.54 NOTE
r-devel-linux-x86_64-debian-gcc 2.0-5 1.96 21.25 23.21 NOTE
r-devel-linux-x86_64-fedora-clang 2.0-5 43.48 NOTE
r-devel-windows-x86_64 2.0-5 6.00 48.00 54.00 NOTE
r-patched-linux-x86_64 2.0-5 2.79 25.18 27.97 NOTE
r-release-linux-x86_64 2.0-5 2.54 25.14 27.68 NOTE
r-release-macos-arm64 2.0-5 NOTE
r-release-macos-x86_64 2.0-5 3.00 38.00 41.00 NOTE
r-release-windows-x86_64 2.0-5 5.00 62.00 67.00 NOTE
r-oldrel-macos-arm64 2.0-5 NOTE
r-oldrel-macos-x86_64 2.0-5 2.00 24.00 26.00 NOTE
r-oldrel-windows-x86_64 2.0-5 6.00 51.00 57.00 NOTE

Check Details

Version: 2.0-5
Check: CRAN incoming feasibility
Result: NOTE Maintainer: ‘Mark Culp <mvculp@mail.wvu.edu>’ No Authors@R field in DESCRIPTION. Please add one, modifying Authors@R: c(person(given = "Mark", family = "Culp", role = c("aut", "cre"), email = "mvculp@mail.wvu.edu"), person(given = "Kjell", family = "Johnson", role = "aut"), person(given = "George", family = "Michailidis", role = "aut")) as necessary. Flavors: r-devel-linux-x86_64-debian-clang, r-devel-linux-x86_64-debian-gcc

Version: 2.0-5
Check: Rd files
Result: NOTE checkRd: (-1) ada.Rd:171: Escaped LaTeX specials: \& Flavors: r-devel-linux-x86_64-debian-clang, r-devel-linux-x86_64-debian-gcc, r-devel-linux-x86_64-fedora-clang, r-devel-windows-x86_64, r-patched-linux-x86_64, r-release-linux-x86_64, r-release-macos-arm64, r-release-macos-x86_64, r-release-windows-x86_64, r-oldrel-macos-arm64, r-oldrel-macos-x86_64, r-oldrel-windows-x86_64