Last updated on 2025-11-23 05:50:09 CET.
| Flavor | Version | Tinstall | Tcheck | Ttotal | Status | Flags |
|---|---|---|---|---|---|---|
| r-devel-linux-x86_64-debian-clang | 3.0 | 9.44 | 88.12 | 97.56 | NOTE | |
| r-devel-linux-x86_64-debian-gcc | 3.0 | 7.31 | 63.40 | 70.71 | NOTE | |
| r-devel-linux-x86_64-fedora-clang | 3.0 | 19.00 | 131.28 | 150.28 | OK | |
| r-devel-windows-x86_64 | 3.0 | 14.00 | 96.00 | 110.00 | OK | |
| r-patched-linux-x86_64 | 3.0 | 11.28 | 81.59 | 92.87 | OK | |
| r-release-linux-x86_64 | 3.0 | 9.64 | 81.12 | 90.76 | OK | |
| r-release-macos-arm64 | 3.0 | OK | ||||
| r-release-macos-x86_64 | 3.0 | 11.00 | 89.00 | 100.00 | OK | |
| r-release-windows-x86_64 | 3.0 | 11.00 | 105.00 | 116.00 | OK | |
| r-oldrel-macos-arm64 | 3.0 | NOTE | ||||
| r-oldrel-macos-x86_64 | 3.0 | 7.00 | 63.00 | 70.00 | NOTE | |
| r-oldrel-windows-x86_64 | 3.0 | 16.00 | 115.00 | 131.00 | NOTE |
Version: 3.0
Check: CRAN incoming feasibility
Result: NOTE
Maintainer: ‘Mark W. Donoghoe <markdonoghoe@gmail.com>’
Package CITATION file contains call(s) to old-style personList() or
as.personList(). Please use c() on person objects instead.
Package CITATION file contains call(s) to old-style citEntry(). Please
use bibentry() instead.
Flavors: r-devel-linux-x86_64-debian-clang, r-devel-linux-x86_64-debian-gcc
Version: 3.0
Check: LazyData
Result: NOTE
'LazyData' is specified without a 'data' directory
Flavors: r-oldrel-macos-arm64, r-oldrel-macos-x86_64, r-oldrel-windows-x86_64