Last updated on 2025-05-18 06:49:08 CEST.
Flavor | Version | Tinstall | Tcheck | Ttotal | Status | Flags |
---|---|---|---|---|---|---|
r-devel-linux-x86_64-debian-clang | 1.1.2 | 21.72 | 135.93 | 157.65 | NOTE | |
r-devel-linux-x86_64-debian-gcc | 1.1.2 | 14.84 | 103.93 | 118.77 | NOTE | |
r-devel-linux-x86_64-fedora-clang | 1.1.2 | 239.59 | OK | |||
r-devel-linux-x86_64-fedora-gcc | 1.1.2 | 241.51 | OK | |||
r-devel-windows-x86_64 | 1.1.2 | 17.00 | 131.00 | 148.00 | OK | |
r-patched-linux-x86_64 | 1.1.2 | 24.61 | 131.65 | 156.26 | OK | |
r-release-linux-x86_64 | 1.1.2 | 22.56 | 131.79 | 154.35 | OK | |
r-release-macos-arm64 | 1.1.2 | 60.00 | OK | |||
r-release-macos-x86_64 | 1.1.2 | 122.00 | OK | |||
r-release-windows-x86_64 | 1.1.2 | 17.00 | 131.00 | 148.00 | OK | |
r-oldrel-macos-arm64 | 1.1.2 | 61.00 | NOTE | |||
r-oldrel-macos-x86_64 | 1.1.2 | 87.00 | NOTE | |||
r-oldrel-windows-x86_64 | 1.1.2 | 23.00 | 164.00 | 187.00 | NOTE |
Version: 1.1.2
Check: CRAN incoming feasibility
Result: NOTE
Maintainer: ‘Cole Monnahan <monnahc@uw.edu>’
Package CITATION file contains call(s) to old-style personList() or
as.personList(). Please use c() on person objects instead.
Package CITATION file contains call(s) to old-style citEntry(). Please
use bibentry() instead.
Flavors: r-devel-linux-x86_64-debian-clang, r-devel-linux-x86_64-debian-gcc
Version: 1.1.2
Check: LazyData
Result: NOTE
'LazyData' is specified without a 'data' directory
Flavors: r-oldrel-macos-arm64, r-oldrel-macos-x86_64, r-oldrel-windows-x86_64