Last updated on 2024-07-23 18:58:52 CEST.
Flavor | Version | Tinstall | Tcheck | Ttotal | Status | Flags |
---|---|---|---|---|---|---|
r-devel-linux-x86_64-debian-clang | 1.2.0 | 97.40 | 116.51 | 213.91 | OK | |
r-devel-linux-x86_64-debian-gcc | 1.2.0 | 66.37 | 82.51 | 148.88 | OK | |
r-devel-linux-x86_64-fedora-clang | 1.2.0 | 313.63 | OK | |||
r-devel-linux-x86_64-fedora-gcc | 1.2.0 | 279.18 | OK | |||
r-devel-windows-x86_64 | 1.2.0 | 74.00 | 110.00 | 184.00 | OK | |
r-patched-linux-x86_64 | 1.2.0 | 76.14 | 105.88 | 182.02 | OK | |
r-release-linux-x86_64 | 1.2.0 | 60.69 | 105.16 | 165.85 | OK | |
r-release-macos-arm64 | 1.2.0 | 66.00 | NOTE | |||
r-release-macos-x86_64 | 1.2.0 | 89.00 | NOTE | |||
r-release-windows-x86_64 | 1.2.0 | 86.00 | 108.00 | 194.00 | OK | |
r-oldrel-macos-arm64 | 1.2.0 | 68.00 | NOTE | |||
r-oldrel-macos-x86_64 | 1.2.0 | 115.00 | NOTE | |||
r-oldrel-windows-x86_64 | 1.2.0 | 93.00 | 138.00 | 231.00 | OK |
Version: 1.2.0
Check: installed package size
Result: NOTE
installed size is 5.7Mb
sub-directories of 1Mb or more:
libs 5.3Mb
Flavors: r-release-macos-arm64, r-release-macos-x86_64, r-oldrel-macos-arm64, r-oldrel-macos-x86_64