Last updated on 2025-07-21 18:52:58 CEST.
Flavor | Version | Tinstall | Tcheck | Ttotal | Status | Flags |
---|---|---|---|---|---|---|
r-devel-linux-x86_64-debian-clang | 0.6.6 | 40.64 | 129.11 | 169.75 | OK | |
r-devel-linux-x86_64-debian-gcc | 0.6.6 | 30.36 | 94.71 | 125.07 | ERROR | |
r-devel-linux-x86_64-fedora-clang | 0.6.6 | 324.01 | OK | |||
r-devel-linux-x86_64-fedora-gcc | 0.6.6 | 299.33 | OK | |||
r-devel-windows-x86_64 | 0.6.6 | 67.00 | 429.00 | 496.00 | OK | |
r-patched-linux-x86_64 | 0.6.6 | 38.41 | 118.35 | 156.76 | OK | |
r-release-linux-x86_64 | 0.6.6 | 37.47 | 118.72 | 156.19 | OK | |
r-release-macos-arm64 | 0.6.6 | 81.00 | OK | |||
r-release-macos-x86_64 | 0.6.6 | 138.00 | OK | |||
r-release-windows-x86_64 | 0.6.6 | 66.00 | 388.00 | 454.00 | OK | |
r-oldrel-macos-arm64 | 0.6.6 | 75.00 | NOTE | |||
r-oldrel-macos-x86_64 | 0.6.6 | 99.00 | NOTE | |||
r-oldrel-windows-x86_64 | 0.6.6 | 65.00 | 294.00 | 359.00 | OK |
Version: 0.6.6
Check: whether the package can be loaded
Result: ERROR
Error in python_config_impl(python) :
Error running '/tmp/check-CRAN-regular-hornik/cache/R/reticulate/uv/cache/builds-v0/.tmp0u57F5/bin/python': No such file.
In addition: Warning message:
In normalizePath(python_home) :
path[1]="/tmp/check-CRAN-regular-hornik/cache/R/reticulate/uv/cache/builds-v0/.tmp0u57F5/bin": No such file or directory
It looks like this package has a loading problem: see the messages for
details.
Flavor: r-devel-linux-x86_64-debian-gcc
Version: 0.6.6
Check: whether the package can be loaded with stated dependencies
Result: WARN
Error in python_config_impl(python) :
Error running '/tmp/check-CRAN-regular-hornik/cache/R/reticulate/uv/cache/builds-v0/.tmprd0RaN/bin/python': No such file.
In addition: Warning message:
In normalizePath(python_home) :
path[1]="/tmp/check-CRAN-regular-hornik/cache/R/reticulate/uv/cache/builds-v0/.tmprd0RaN/bin": No such file or directory
It looks like this package (or one of its dependent packages) has an
unstated dependence on a standard package. All dependencies must be
declared in DESCRIPTION.
See section ‘The DESCRIPTION file’ in the ‘Writing R Extensions’
manual.
Flavor: r-devel-linux-x86_64-debian-gcc
Version: 0.6.6
Check: whether the package can be unloaded cleanly
Result: WARN
---- unloading
Flavor: r-devel-linux-x86_64-debian-gcc
Version: 0.6.6
Check: whether the namespace can be loaded with stated dependencies
Result: WARN
Warning in normalizePath(python_home) :
path[1]="/tmp/check-CRAN-regular-hornik/cache/R/reticulate/uv/cache/builds-v0/.tmpQpzaHo/bin": No such file or directory
Error in python_config_impl(python) :
Error running '/tmp/check-CRAN-regular-hornik/cache/R/reticulate/uv/cache/builds-v0/.tmpQpzaHo/bin/python': No such file.
A namespace must be able to be loaded with just the base namespace
loaded: otherwise if the namespace gets loaded by a saved object, the
session will be unable to start.
Probably some imports need to be declared in the NAMESPACE file.
Flavor: r-devel-linux-x86_64-debian-gcc
Version: 0.6.6
Check: whether the namespace can be unloaded cleanly
Result: WARN
---- unloading
Flavor: r-devel-linux-x86_64-debian-gcc
Version: 0.6.6
Check: loading without being on the library search path
Result: WARN
Error in python_config_impl(python) :
Error running '/tmp/check-CRAN-regular-hornik/cache/R/reticulate/uv/cache/builds-v0/.tmpvk3hw6/bin/python': No such file.
In addition: Warning message:
In normalizePath(python_home) :
path[1]="/tmp/check-CRAN-regular-hornik/cache/R/reticulate/uv/cache/builds-v0/.tmpvk3hw6/bin": No such file or directory
It looks like this package has a loading problem when not on .libPaths:
see the messages for details.
Flavor: r-devel-linux-x86_64-debian-gcc
Version: 0.6.6
Check: whether startup messages can be suppressed
Result: NOTE
Error in python_config_impl(python) :
Error running '/tmp/check-CRAN-regular-hornik/cache/R/reticulate/uv/cache/builds-v0/.tmpHKS56e/bin/python': No such file.
It looks like this package (or a package it requires) has a startup
message which cannot be suppressed: see ?packageStartupMessage.
Flavor: r-devel-linux-x86_64-debian-gcc
Version: 0.6.6
Check: R code for possible problems
Result: NOTE
Error in python_config_impl(python) :
Error running '/tmp/check-CRAN-regular-hornik/cache/R/reticulate/uv/cache/builds-v0/.tmp9HWwqA/bin/python': No such file.
Flavor: r-devel-linux-x86_64-debian-gcc
Version: 0.6.6
Check: installed package size
Result: NOTE
installed size is 5.7Mb
sub-directories of 1Mb or more:
extdata 3.4Mb
libs 2.1Mb
Flavors: r-oldrel-macos-arm64, r-oldrel-macos-x86_64