Last updated on 2025-05-06 06:49:49 CEST.
Flavor | Version | Tinstall | Tcheck | Ttotal | Status | Flags |
---|---|---|---|---|---|---|
r-devel-linux-x86_64-debian-clang | 1.3-7 | 14.66 | 120.74 | 135.40 | NOTE | |
r-devel-linux-x86_64-debian-gcc | 1.3-7 | 10.11 | 80.52 | 90.63 | NOTE | |
r-devel-linux-x86_64-fedora-clang | 1.3-7 | 216.29 | OK | |||
r-devel-linux-x86_64-fedora-gcc | 1.3-7 | 219.91 | OK | |||
r-devel-windows-x86_64 | 1.3-7 | 16.00 | 167.00 | 183.00 | OK | |
r-patched-linux-x86_64 | 1.3-7 | 14.61 | 114.58 | 129.19 | OK | |
r-release-linux-x86_64 | 1.3-7 | 13.81 | 115.11 | 128.92 | OK | |
r-release-macos-arm64 | 1.3-7 | 83.00 | OK | |||
r-release-macos-x86_64 | 1.3-7 | 155.00 | OK | |||
r-release-windows-x86_64 | 1.3-7 | 17.00 | 167.00 | 184.00 | OK | |
r-oldrel-macos-arm64 | 1.3-7 | 69.00 | OK | |||
r-oldrel-macos-x86_64 | 1.3-7 | 120.00 | OK | |||
r-oldrel-windows-x86_64 | 1.3-7 | 21.00 | 195.00 | 216.00 | OK |
Version: 1.3-7
Check: CRAN incoming feasibility
Result: NOTE
Maintainer: ‘Felipe de Mendiburu <fmendiburu@lamolina.edu.pe>’
No Authors@R field in DESCRIPTION.
Please add one, modifying
Authors@R: person(given = "Felipe",
family = "de Mendiburu",
role = c("aut", "cre"),
email = "fmendiburu@lamolina.edu.pe")
as necessary.
Flavors: r-devel-linux-x86_64-debian-clang, r-devel-linux-x86_64-debian-gcc