Last updated on 2024-05-21 06:59:17 CEST.
Flavor | Version | Tinstall | Tcheck | Ttotal | Status | Flags |
---|---|---|---|---|---|---|
r-devel-linux-x86_64-debian-clang | 0.2.1 | 2.22 | 18.18 | 20.40 | OK | |
r-devel-linux-x86_64-debian-gcc | 0.2.1 | 1.56 | 14.93 | 16.49 | OK | |
r-devel-linux-x86_64-fedora-clang | 0.2.1 | 26.80 | NOTE | |||
r-devel-linux-x86_64-fedora-gcc | 0.2.1 | 25.94 | NOTE | |||
r-devel-windows-x86_64 | 0.2.1 | 3.00 | 38.00 | 41.00 | OK | |
r-patched-linux-x86_64 | 0.2.1 | 2.35 | 17.61 | 19.96 | OK | |
r-release-linux-x86_64 | 0.2.1 | 1.91 | 18.41 | 20.32 | OK | |
r-release-macos-arm64 | 0.2.1 | 14.00 | OK | |||
r-release-windows-x86_64 | 0.2.1 | 3.00 | 38.00 | 41.00 | OK | |
r-oldrel-macos-arm64 | 0.2.1 | 15.00 | OK | |||
r-oldrel-macos-x86_64 | 0.2.1 | 37.00 | OK | |||
r-oldrel-windows-x86_64 | 0.2.1 | 4.00 | 37.00 | 41.00 | OK |
Version: 0.2.1
Check: data for non-ASCII characters
Result: NOTE
Note: found 17 marked UTF-8 strings
Flavors: r-devel-linux-x86_64-fedora-clang, r-devel-linux-x86_64-fedora-gcc