Last updated on 2024-04-24 07:14:56 CEST.
Flavor | Version | Tinstall | Tcheck | Ttotal | Status | Flags |
---|---|---|---|---|---|---|
r-devel-linux-x86_64-debian-clang | 0.9.0 | 10.55 | 83.92 | 94.47 | OK | |
r-devel-linux-x86_64-debian-gcc | 0.9.0 | 7.28 | 62.48 | 69.76 | OK | |
r-devel-linux-x86_64-fedora-clang | 0.9.0 | 115.21 | NOTE | |||
r-devel-linux-x86_64-fedora-gcc | 0.9.0 | 124.83 | NOTE | |||
r-prerel-macos-arm64 | 0.9.0 | 38.00 | OK | |||
r-prerel-macos-x86_64 | 0.9.0 | 76.00 | OK | |||
r-prerel-windows-x86_64 | 0.9.0 | 10.00 | 78.00 | 88.00 | OK | |
r-patched-linux-x86_64 | 0.9.0 | 9.54 | 79.68 | 89.22 | OK | |
r-release-linux-x86_64 | 0.9.0 | 7.92 | 78.29 | 86.21 | OK | |
r-release-macos-arm64 | 0.9.0 | 42.00 | OK | |||
r-release-macos-x86_64 | 0.9.0 | 78.00 | OK | |||
r-release-windows-x86_64 | 0.9.0 | 13.00 | 91.00 | 104.00 | OK | |
r-oldrel-macos-arm64 | 0.9.0 | 43.00 | OK | |||
r-oldrel-windows-x86_64 | 0.9.0 | 13.00 | 96.00 | 109.00 | OK |
Version: 0.9.0
Check: data for non-ASCII characters
Result: NOTE
Note: found 53 marked UTF-8 strings
Flavors: r-devel-linux-x86_64-fedora-clang, r-devel-linux-x86_64-fedora-gcc