Last updated on 2024-07-03 18:57:31 CEST.
Flavor | Version | Tinstall | Tcheck | Ttotal | Status | Flags |
---|---|---|---|---|---|---|
r-devel-linux-x86_64-debian-clang | 0.1.2 | 19.51 | 211.76 | 231.27 | NOTE | |
r-devel-linux-x86_64-debian-gcc | 0.1.2 | 17.00 | 154.17 | 171.17 | NOTE | |
r-devel-linux-x86_64-fedora-clang | 0.1.2 | 296.00 | NOTE | |||
r-devel-linux-x86_64-fedora-gcc | 0.1.2 | 275.29 | NOTE | |||
r-devel-windows-x86_64 | 0.1.2 | 20.00 | 140.00 | 160.00 | NOTE | |
r-patched-linux-x86_64 | 0.1.2 | 14.39 | 194.98 | 209.37 | NOTE | |
r-release-linux-x86_64 | 0.1.2 | 14.65 | 196.55 | 211.20 | NOTE | |
r-release-macos-arm64 | 0.1.2 | 74.00 | NOTE | |||
r-release-macos-x86_64 | 0.1.2 | 118.00 | NOTE | |||
r-release-windows-x86_64 | 0.1.2 | 20.00 | 140.00 | 160.00 | NOTE | |
r-oldrel-macos-arm64 | 0.1.2 | 78.00 | NOTE | |||
r-oldrel-macos-x86_64 | 0.1.2 | 129.00 | NOTE | |||
r-oldrel-windows-x86_64 | 0.1.2 | 26.00 | 182.00 | 208.00 | NOTE |
Version: 0.1.2
Check: LazyData
Result: NOTE
'LazyData' is specified without a 'data' directory
Flavors: r-devel-linux-x86_64-debian-clang, r-devel-linux-x86_64-debian-gcc, r-devel-linux-x86_64-fedora-clang, r-devel-linux-x86_64-fedora-gcc, r-devel-windows-x86_64, r-patched-linux-x86_64, r-release-linux-x86_64, r-release-macos-arm64, r-release-macos-x86_64, r-release-windows-x86_64, r-oldrel-macos-arm64, r-oldrel-macos-x86_64, r-oldrel-windows-x86_64