Last updated on 2025-11-04 05:51:04 CET.
| Flavor | Version | Tinstall | Tcheck | Ttotal | Status | Flags | 
|---|---|---|---|---|---|---|
| r-devel-linux-x86_64-debian-clang | 2.5 | 11.44 | 120.38 | 131.82 | NOTE | |
| r-devel-linux-x86_64-debian-gcc | 2.5 | 9.26 | 86.38 | 95.64 | NOTE | |
| r-devel-linux-x86_64-fedora-clang | 2.5 | 28.00 | 172.86 | 200.86 | OK | |
| r-devel-linux-x86_64-fedora-gcc | 2.5 | 28.00 | 176.79 | 204.79 | OK | |
| r-devel-windows-x86_64 | 2.5 | 13.00 | 143.00 | 156.00 | OK | |
| r-patched-linux-x86_64 | 2.5 | 12.29 | 113.00 | 125.29 | OK | |
| r-release-linux-x86_64 | 2.5 | 12.07 | 114.56 | 126.63 | OK | |
| r-release-macos-arm64 | 2.5 | 6.00 | 68.00 | 74.00 | OK | |
| r-release-macos-x86_64 | 2.5 | 10.00 | 105.00 | 115.00 | OK | |
| r-release-windows-x86_64 | 2.5 | 15.00 | 138.00 | 153.00 | OK | |
| r-oldrel-macos-arm64 | 2.5 | 5.00 | 52.00 | 57.00 | OK | |
| r-oldrel-macos-x86_64 | 2.5 | 8.00 | 80.00 | 88.00 | OK | |
| r-oldrel-windows-x86_64 | 2.5 | 19.00 | 171.00 | 190.00 | OK | 
Version: 2.5
Check: CRAN incoming feasibility
Result: NOTE
  Maintainer: ‘Beatriz Pateiro-Lopez <beatriz.pateiro@usc.es>’
  
  No Authors@R field in DESCRIPTION.
  Please add one, modifying
    Authors@R: c(person(given = "Beatriz",
                        family = "Pateiro-Lopez",
                        role = c("aut", "cre"),
                        email = "beatriz.pateiro@usc.es"),
                 person(given = "Alberto",
                        family = "Rodriguez-Casal"),
                 person(family = ".",
                        role = "aut"))
  as necessary.
Flavors: r-devel-linux-x86_64-debian-clang, r-devel-linux-x86_64-debian-gcc