Last updated on 2024-07-05 19:04:16 CEST.
Flavor | Version | Tinstall | Tcheck | Ttotal | Status | Flags |
---|---|---|---|---|---|---|
r-devel-linux-x86_64-debian-clang | 1.1 | 28.38 | 34.96 | 63.34 | NOTE | |
r-devel-linux-x86_64-debian-gcc | 1.1 | 21.77 | 26.91 | 48.68 | NOTE | |
r-devel-linux-x86_64-fedora-clang | 1.1 | 96.29 | NOTE | |||
r-devel-linux-x86_64-fedora-gcc | 1.1 | 96.11 | NOTE | |||
r-devel-windows-x86_64 | 1.1 | 27.00 | 68.00 | 95.00 | NOTE | |
r-patched-linux-x86_64 | 1.1 | 28.44 | 34.81 | 63.25 | NOTE | |
r-release-linux-x86_64 | 1.1 | 30.03 | 34.61 | 64.64 | NOTE | |
r-release-macos-arm64 | 1.1 | 25.00 | NOTE | |||
r-release-macos-x86_64 | 1.1 | 35.00 | NOTE | |||
r-release-windows-x86_64 | 1.1 | 27.00 | 67.00 | 94.00 | NOTE | |
r-oldrel-macos-arm64 | 1.1 | 27.00 | NOTE | |||
r-oldrel-macos-x86_64 | 1.1 | 44.00 | NOTE | |||
r-oldrel-windows-x86_64 | 1.1 | 33.00 | 79.00 | 112.00 | NOTE |
Version: 1.1
Check: C++ specification
Result: NOTE
Specified C++11: please drop specification unless essential
Flavors: r-devel-linux-x86_64-debian-clang, r-devel-linux-x86_64-debian-gcc, r-devel-linux-x86_64-fedora-clang, r-devel-linux-x86_64-fedora-gcc, r-devel-windows-x86_64, r-patched-linux-x86_64, r-release-linux-x86_64, r-release-macos-arm64, r-release-macos-x86_64, r-release-windows-x86_64, r-oldrel-macos-arm64, r-oldrel-macos-x86_64, r-oldrel-windows-x86_64