Last updated on 2024-05-04 06:51:48 CEST.
Flavor | Version | Tinstall | Tcheck | Ttotal | Status | Flags |
---|---|---|---|---|---|---|
r-devel-linux-x86_64-debian-clang | 1.0.6 | 10.51 | 100.96 | 111.47 | NOTE | |
r-devel-linux-x86_64-debian-gcc | 1.0.6 | 9.52 | 74.07 | 83.59 | NOTE | |
r-devel-linux-x86_64-fedora-clang | 1.0.6 | 145.48 | NOTE | |||
r-devel-linux-x86_64-fedora-gcc | 1.0.6 | 135.16 | NOTE | |||
r-devel-windows-x86_64 | 1.0.6 | 13.00 | 131.00 | 144.00 | NOTE | |
r-patched-linux-x86_64 | 1.0.6 | 10.29 | 93.45 | 103.74 | NOTE | |
r-release-linux-x86_64 | 1.0.6 | 9.71 | 94.65 | 104.36 | NOTE | |
r-release-macos-arm64 | 1.0.6 | 40.00 | NOTE | |||
r-release-windows-x86_64 | 1.0.6 | 11.00 | 108.00 | 119.00 | NOTE | |
r-oldrel-macos-arm64 | 1.0.6 | 45.00 | NOTE | |||
r-oldrel-macos-x86_64 | 1.0.6 | 70.00 | NOTE | |||
r-oldrel-windows-x86_64 | 1.0.6 | 15.00 | 128.00 | 143.00 | NOTE |
Version: 1.0.6
Check: Rd files
Result: NOTE
checkRd: (-1) UN1.Rd:16: Escaped LaTeX specials: \$
checkRd: (-1) rateprof.Rd:64: Escaped LaTeX specials: \&
Flavors: r-devel-linux-x86_64-debian-clang, r-devel-linux-x86_64-debian-gcc, r-devel-linux-x86_64-fedora-clang, r-devel-linux-x86_64-fedora-gcc, r-devel-windows-x86_64, r-patched-linux-x86_64, r-release-linux-x86_64, r-release-macos-arm64, r-release-windows-x86_64, r-oldrel-macos-arm64, r-oldrel-macos-x86_64, r-oldrel-windows-x86_64